{"id":7708,"date":"2023-07-28T09:52:44","date_gmt":"2023-07-28T07:52:44","guid":{"rendered":"https:\/\/www.roly24.com\/?post_type=product&#038;p=7708"},"modified":"2025-02-26T11:28:18","modified_gmt":"2025-02-26T09:28:18","slug":"muistotilaisuuden-ohjelma-a5","status":"publish","type":"product","link":"https:\/\/www.roly24.com\/index.php\/tuote\/muistotilaisuuden-ohjelma-a5\/","title":{"rendered":"Muistotilaisuuden ohjelma A5 4-sivuinen &#8211; Hinta alkaen"},"content":{"rendered":"<p><span lang=\"FI\"><strong>Tuotenumero: 140132<\/strong><\/span><\/p>\n<p><span lang=\"FI\">Hinnat laskettu asiakkaan toimittamasta painokelpoisesta PDF aineistosta.<\/span><\/p>\n<p><span lang=\"FI\"><strong>Nime\u00e4 aineistosi selke\u00e4sti!<\/strong><br \/>\n<strong>Ei n\u00e4in:<\/strong> h\u00e4\u00e4kutsu<br \/>\n<strong>Vaan esimerkiksi n\u00e4in:<\/strong> Timo ja Sini Koivu H\u00e4\u00e4kutsu.<\/span><\/p>\n<p>4 sivua<br \/>\nKoko: 148 x 210 mm<br \/>\nV\u00e4rit: 4\/4 cmyk<\/p>\n<p>Paperi:<br \/>\n<strong>Multiart Gloss<\/strong><br \/>\nP\u00e4\u00e4llystetty paperi, hiokkeeton, valkoinen, kiilt\u00e4v\u00e4.<br \/>\nEnsisijainen valinta vaativiin painot\u00f6ihin.<\/p>\n<p><strong><span lang=\"FI\">Multiart Silk<\/span><\/strong><span lang=\"FI\"><br \/>\nP\u00e4\u00e4llystetty paperi, hiokkeeton, valkoinen, silkkimattainen.<br \/>\nEnsisijainen valinta vaativiin painot\u00f6ihin.<\/span><\/p>\n<p><strong><span lang=\"FI\">G-print<\/span><\/strong><span lang=\"FI\"><br \/>\nP\u00e4\u00e4llystetty paperi, hiokkeeton, valkoinen, matta.<\/span><\/p>\n<p><strong><span lang=\"FI\">Multioffset<\/span><\/strong><span lang=\"FI\"><br \/>\nOffsetpaperi, hiokkeeton, valkoinen, matta.<\/span><\/p>\n","protected":false},"excerpt":{"rendered":"<p>Tuotenumero: 140132 Hinnat laskettu asiakkaan toimittamasta painokelpoisesta PDF aineistosta. Nime\u00e4 aineistosi selke\u00e4sti! Ei n\u00e4in: h\u00e4\u00e4kutsu Vaan esimerkiksi n\u00e4in: Timo ja Sini Koivu H\u00e4\u00e4kutsu. 4 sivua Koko: 148 x 210 mm V\u00e4rit: 4\/4 cmyk Paperi: Multiart Gloss P\u00e4\u00e4llystetty paperi, hiokkeeton, valkoinen, kiilt\u00e4v\u00e4. Ensisijainen valinta vaativiin painot\u00f6ihin. Multiart Silk P\u00e4\u00e4llystetty paperi, hiokkeeton, valkoinen, silkkimattainen. Ensisijainen valinta vaativiin [&hellip;]<\/p>\n","protected":false},"featured_media":7838,"template":"","meta":{"_acf_changed":false,"om_disable_all_campaigns":false,"_monsterinsights_skip_tracking":false,"_monsterinsights_sitenote_active":false,"_monsterinsights_sitenote_note":"","_monsterinsights_sitenote_category":0},"product_brand":[],"product_cat":[149],"product_tag":[186,184,185],"class_list":{"0":"post-7708","1":"product","2":"type-product","3":"status-publish","4":"has-post-thumbnail","6":"product_cat-muistotilaisuudet","7":"product_tag-hautajaiset","8":"product_tag-muistotilaisuus","9":"product_tag-siunaustilaisuus","10":"product_shipping_class-postipaketti","12":"first","13":"instock","14":"taxable","15":"shipping-taxable","16":"purchasable","17":"product-type-simple"},"acf":[],"aioseo_notices":[],"_links":{"self":[{"href":"https:\/\/www.roly24.com\/index.php\/wp-json\/wp\/v2\/product\/7708","targetHints":{"allow":["GET"]}}],"collection":[{"href":"https:\/\/www.roly24.com\/index.php\/wp-json\/wp\/v2\/product"}],"about":[{"href":"https:\/\/www.roly24.com\/index.php\/wp-json\/wp\/v2\/types\/product"}],"version-history":[{"count":0,"href":"https:\/\/www.roly24.com\/index.php\/wp-json\/wp\/v2\/product\/7708\/revisions"}],"wp:featuredmedia":[{"embeddable":true,"href":"https:\/\/www.roly24.com\/index.php\/wp-json\/wp\/v2\/media\/7838"}],"wp:attachment":[{"href":"https:\/\/www.roly24.com\/index.php\/wp-json\/wp\/v2\/media?parent=7708"}],"wp:term":[{"taxonomy":"product_brand","embeddable":true,"href":"https:\/\/www.roly24.com\/index.php\/wp-json\/wp\/v2\/product_brand?post=7708"},{"taxonomy":"product_cat","embeddable":true,"href":"https:\/\/www.roly24.com\/index.php\/wp-json\/wp\/v2\/product_cat?post=7708"},{"taxonomy":"product_tag","embeddable":true,"href":"https:\/\/www.roly24.com\/index.php\/wp-json\/wp\/v2\/product_tag?post=7708"}],"curies":[{"name":"wp","href":"https:\/\/api.w.org\/{rel}","templated":true}]}}