{"id":2517,"date":"2022-06-01T09:44:56","date_gmt":"2022-06-01T07:44:56","guid":{"rendered":"https:\/\/www.roly24.com\/?post_type=product&#038;p=2517"},"modified":"2024-12-12T11:06:43","modified_gmt":"2024-12-12T09:06:43","slug":"itsejaljentava-lomake-a3","status":"publish","type":"product","link":"https:\/\/www.roly24.com\/index.php\/tuote\/itsejaljentava-lomake-a3\/","title":{"rendered":"Itsej\u00e4ljent\u00e4v\u00e4 lomake A3 &#8211; Hinta alkaen"},"content":{"rendered":"<p><strong>Tuotenumero: 070301<\/strong><\/p>\n<p>Tuote on hyvin soveltuva mm. urheilutapahtuman p\u00f6yt\u00e4kirjaksi<\/p>\n<p>Koko A3<br \/>\nV\u00e4rit 4\/4, 4\/1, 4\/0, 1\/1 tai 1\/0<br \/>\nPaperi itsej\u00e4ljent\u00e4v\u00e4<br \/>\nLaajuus\u00a0 2 osa tai 3 osa<br \/>\nJ\u00e4lkik\u00e4sittely settiliimaus<br \/>\nJ\u00e4lkik\u00e4sittely blokkiliimaus + pohjapahvi 260g kartonki<br \/>\nJ\u00e4lkik\u00e4sittely blokkiliimaus + kaksoiskansi 260g kartonki<\/p>\n<p>&nbsp;<\/p>\n","protected":false},"excerpt":{"rendered":"<p>Tuotenumero: 070301 Tuote on hyvin soveltuva mm. urheilutapahtuman p\u00f6yt\u00e4kirjaksi Koko A3 V\u00e4rit 4\/4, 4\/1, 4\/0, 1\/1 tai 1\/0 Paperi itsej\u00e4ljent\u00e4v\u00e4 Laajuus\u00a0 2 osa tai 3 osa J\u00e4lkik\u00e4sittely settiliimaus J\u00e4lkik\u00e4sittely blokkiliimaus + pohjapahvi 260g kartonki J\u00e4lkik\u00e4sittely blokkiliimaus + kaksoiskansi 260g kartonki &nbsp;<\/p>\n","protected":false},"featured_media":7759,"template":"","meta":{"_acf_changed":false,"om_disable_all_campaigns":false,"_monsterinsights_skip_tracking":false,"_monsterinsights_sitenote_active":false,"_monsterinsights_sitenote_note":"","_monsterinsights_sitenote_category":0},"product_brand":[],"product_cat":[89,54],"product_tag":[294,295,37],"class_list":{"0":"post-2517","1":"product","2":"type-product","3":"status-publish","4":"has-post-thumbnail","6":"product_cat-lomakkeet-painotuotteet","7":"product_cat-painotuotteet","8":"product_tag-itsejaljentava","9":"product_tag-jaljentava","10":"product_tag-lomake","11":"product_shipping_class-postipaketti","13":"first","14":"instock","15":"taxable","16":"shipping-taxable","17":"purchasable","18":"product-type-simple"},"acf":[],"aioseo_notices":[],"_links":{"self":[{"href":"https:\/\/www.roly24.com\/index.php\/wp-json\/wp\/v2\/product\/2517","targetHints":{"allow":["GET"]}}],"collection":[{"href":"https:\/\/www.roly24.com\/index.php\/wp-json\/wp\/v2\/product"}],"about":[{"href":"https:\/\/www.roly24.com\/index.php\/wp-json\/wp\/v2\/types\/product"}],"version-history":[{"count":0,"href":"https:\/\/www.roly24.com\/index.php\/wp-json\/wp\/v2\/product\/2517\/revisions"}],"wp:featuredmedia":[{"embeddable":true,"href":"https:\/\/www.roly24.com\/index.php\/wp-json\/wp\/v2\/media\/7759"}],"wp:attachment":[{"href":"https:\/\/www.roly24.com\/index.php\/wp-json\/wp\/v2\/media?parent=2517"}],"wp:term":[{"taxonomy":"product_brand","embeddable":true,"href":"https:\/\/www.roly24.com\/index.php\/wp-json\/wp\/v2\/product_brand?post=2517"},{"taxonomy":"product_cat","embeddable":true,"href":"https:\/\/www.roly24.com\/index.php\/wp-json\/wp\/v2\/product_cat?post=2517"},{"taxonomy":"product_tag","embeddable":true,"href":"https:\/\/www.roly24.com\/index.php\/wp-json\/wp\/v2\/product_tag?post=2517"}],"curies":[{"name":"wp","href":"https:\/\/api.w.org\/{rel}","templated":true}]}}