{"id":2127,"date":"2022-05-09T10:24:32","date_gmt":"2022-05-09T08:24:32","guid":{"rendered":"https:\/\/www.roly24.com\/?post_type=product&#038;p=2127"},"modified":"2024-12-12T11:12:20","modified_gmt":"2024-12-12T09:12:20","slug":"ikkunakuori-e65","status":"publish","type":"product","link":"https:\/\/www.roly24.com\/index.php\/tuote\/ikkunakuori-e65\/","title":{"rendered":"Ikkunakuori C65 &#8211; Hinta alkaen"},"content":{"rendered":"<p><strong>Tuotenumero: 070803<\/strong><\/p>\n<p>V\u00e4rit: 4-v\u00e4ri (cmyk) tai 1-v\u00e4ri (musta)<br \/>\nKoko: 220&#215;110 mm<br \/>\nPaperi: valkoinen teippikuori<\/p>\n","protected":false},"excerpt":{"rendered":"<p>Tuotenumero: 070803 V\u00e4rit: 4-v\u00e4ri (cmyk) tai 1-v\u00e4ri (musta) Koko: 220&#215;110 mm Paperi: valkoinen teippikuori<\/p>\n","protected":false},"featured_media":7774,"template":"","meta":{"_acf_changed":false,"om_disable_all_campaigns":false,"_monsterinsights_skip_tracking":false,"_monsterinsights_sitenote_active":false,"_monsterinsights_sitenote_note":"","_monsterinsights_sitenote_category":0},"product_brand":[],"product_cat":[67,54],"product_tag":[319,318,189,193,192],"class_list":{"0":"post-2127","1":"product","2":"type-product","3":"status-publish","4":"has-post-thumbnail","6":"product_cat-kirjekuoret","7":"product_cat-painotuotteet","8":"product_tag-ikkunakuoret","9":"product_tag-ikkunakuori","10":"product_tag-kirjekuoret","11":"product_tag-kuoret","12":"product_tag-kuori","13":"product_shipping_class-postipaketti","15":"first","16":"instock","17":"taxable","18":"shipping-taxable","19":"purchasable","20":"product-type-simple"},"acf":[],"aioseo_notices":[],"_links":{"self":[{"href":"https:\/\/www.roly24.com\/index.php\/wp-json\/wp\/v2\/product\/2127","targetHints":{"allow":["GET"]}}],"collection":[{"href":"https:\/\/www.roly24.com\/index.php\/wp-json\/wp\/v2\/product"}],"about":[{"href":"https:\/\/www.roly24.com\/index.php\/wp-json\/wp\/v2\/types\/product"}],"version-history":[{"count":0,"href":"https:\/\/www.roly24.com\/index.php\/wp-json\/wp\/v2\/product\/2127\/revisions"}],"wp:featuredmedia":[{"embeddable":true,"href":"https:\/\/www.roly24.com\/index.php\/wp-json\/wp\/v2\/media\/7774"}],"wp:attachment":[{"href":"https:\/\/www.roly24.com\/index.php\/wp-json\/wp\/v2\/media?parent=2127"}],"wp:term":[{"taxonomy":"product_brand","embeddable":true,"href":"https:\/\/www.roly24.com\/index.php\/wp-json\/wp\/v2\/product_brand?post=2127"},{"taxonomy":"product_cat","embeddable":true,"href":"https:\/\/www.roly24.com\/index.php\/wp-json\/wp\/v2\/product_cat?post=2127"},{"taxonomy":"product_tag","embeddable":true,"href":"https:\/\/www.roly24.com\/index.php\/wp-json\/wp\/v2\/product_tag?post=2127"}],"curies":[{"name":"wp","href":"https:\/\/api.w.org\/{rel}","templated":true}]}}