{"id":20261,"date":"2025-09-12T09:37:41","date_gmt":"2025-09-12T07:37:41","guid":{"rendered":"https:\/\/www.roly24.com\/?post_type=product&#038;p=20261"},"modified":"2025-12-30T17:44:27","modified_gmt":"2025-12-30T15:44:27","slug":"kassi-roble-kappalehinta-alkaen","status":"publish","type":"product","link":"https:\/\/www.roly24.com\/index.php\/tuote\/kassi-roble-kappalehinta-alkaen\/","title":{"rendered":"Kassi Roble &#8211; Kappalehinta alkaen"},"content":{"rendered":"<p><strong>Tuotenumero 301483<\/strong><\/p>\n<p>110 g\/m\u00b2 paperikassi luonnonv\u00e4risen\u00e4, vahvistetuilla lyhyill\u00e4 kierretyill\u00e4 kahvoilla.<\/p>\n<p>Materiaali: 110 g\/m\u00b2 paperi.<\/p>\n<p>Mitat:<br \/>\n[32 cm\/40 cm\/12 cm]<\/p>\n","protected":false},"excerpt":{"rendered":"<p>Tuotenumero 301483 110 g\/m\u00b2 paperikassi luonnonv\u00e4risen\u00e4, vahvistetuilla lyhyill\u00e4 kierretyill\u00e4 kahvoilla. Materiaali: 110 g\/m\u00b2 paperi. Mitat: [32 cm\/40 cm\/12 cm]<\/p>\n","protected":false},"featured_media":20262,"template":"","meta":{"_acf_changed":false,"om_disable_all_campaigns":false,"_monsterinsights_skip_tracking":false,"_monsterinsights_sitenote_active":false,"_monsterinsights_sitenote_note":"","_monsterinsights_sitenote_category":0},"product_brand":[],"product_cat":[363],"product_tag":[381,628,405,298],"class_list":{"0":"post-20261","1":"product","2":"type-product","3":"status-publish","4":"has-post-thumbnail","6":"product_cat-kassit","7":"product_tag-kassi","8":"product_tag-kassi-painatus","9":"product_tag-ostoskassi","10":"product_tag-painatus","11":"product_shipping_class-postipaketti","13":"first","14":"instock","15":"taxable","16":"shipping-taxable","17":"purchasable","18":"product-type-simple"},"acf":[],"aioseo_notices":[],"_links":{"self":[{"href":"https:\/\/www.roly24.com\/index.php\/wp-json\/wp\/v2\/product\/20261","targetHints":{"allow":["GET"]}}],"collection":[{"href":"https:\/\/www.roly24.com\/index.php\/wp-json\/wp\/v2\/product"}],"about":[{"href":"https:\/\/www.roly24.com\/index.php\/wp-json\/wp\/v2\/types\/product"}],"version-history":[{"count":1,"href":"https:\/\/www.roly24.com\/index.php\/wp-json\/wp\/v2\/product\/20261\/revisions"}],"predecessor-version":[{"id":21487,"href":"https:\/\/www.roly24.com\/index.php\/wp-json\/wp\/v2\/product\/20261\/revisions\/21487"}],"wp:featuredmedia":[{"embeddable":true,"href":"https:\/\/www.roly24.com\/index.php\/wp-json\/wp\/v2\/media\/20262"}],"wp:attachment":[{"href":"https:\/\/www.roly24.com\/index.php\/wp-json\/wp\/v2\/media?parent=20261"}],"wp:term":[{"taxonomy":"product_brand","embeddable":true,"href":"https:\/\/www.roly24.com\/index.php\/wp-json\/wp\/v2\/product_brand?post=20261"},{"taxonomy":"product_cat","embeddable":true,"href":"https:\/\/www.roly24.com\/index.php\/wp-json\/wp\/v2\/product_cat?post=20261"},{"taxonomy":"product_tag","embeddable":true,"href":"https:\/\/www.roly24.com\/index.php\/wp-json\/wp\/v2\/product_tag?post=20261"}],"curies":[{"name":"wp","href":"https:\/\/api.w.org\/{rel}","templated":true}]}}