{"id":19979,"date":"2025-09-02T11:30:47","date_gmt":"2025-09-02T09:30:47","guid":{"rendered":"https:\/\/www.roly24.com\/?post_type=product&#038;p=19979"},"modified":"2026-04-19T18:39:07","modified_gmt":"2026-04-19T16:39:07","slug":"kassi-koper-kappalehinta-alkaen","status":"publish","type":"product","link":"https:\/\/www.roly24.com\/index.php\/tuote\/kassi-koper-kappalehinta-alkaen\/","title":{"rendered":"juuttikassi KOPER vahvistetuilla kahvoilla &#8211; painatuksella tai ilman"},"content":{"rendered":"<p><strong>Tuotenumero 301444<\/strong><\/p>\n<div class=\"relative basis-auto flex-col -mb-(--composer-overlap-px) pb-(--composer-overlap-px) [--composer-overlap-px:28px] grow flex\">\n<div class=\"flex flex-col text-sm pb-25\">\n<section class=\"text-token-text-primary w-full focus:outline-none [--shadow-height:45px] has-data-writing-block:pointer-events-none has-data-writing-block:-mt-(--shadow-height) has-data-writing-block:pt-(--shadow-height) [&amp;:has([data-writing-block])&gt;*]:pointer-events-auto scroll-mt-(--header-height)\" dir=\"auto\" data-turn-id=\"347fe5df-e20b-4eb4-890d-7fa75111875f\" data-testid=\"conversation-turn-29\" data-scroll-anchor=\"false\" data-turn=\"user\"><\/section>\n<section class=\"text-token-text-primary w-full focus:outline-none [--shadow-height:45px] has-data-writing-block:pointer-events-none has-data-writing-block:-mt-(--shadow-height) has-data-writing-block:pt-(--shadow-height) [&amp;:has([data-writing-block])&gt;*]:pointer-events-auto scroll-mt-[calc(var(--header-height)+min(200px,max(70px,20svh)))]\" dir=\"auto\" data-turn-id=\"request-69dfb62b-f108-8392-bbc9-c9f436d44a4c-33\" data-testid=\"conversation-turn-30\" data-scroll-anchor=\"true\" data-turn=\"assistant\">\n<div class=\"text-base my-auto mx-auto pb-10 [--thread-content-margin:var(--thread-content-margin-xs,calc(var(--spacing)*4))] @w-sm\/main:[--thread-content-margin:var(--thread-content-margin-sm,calc(var(--spacing)*6))] @w-lg\/main:[--thread-content-margin:var(--thread-content-margin-lg,calc(var(--spacing)*16))] px-(--thread-content-margin)\">\n<div class=\"[--thread-content-max-width:40rem] @w-lg\/main:[--thread-content-max-width:48rem] mx-auto max-w-(--thread-content-max-width) flex-1 group\/turn-messages focus-visible:outline-hidden relative flex w-full min-w-0 flex-col agent-turn\">\n<div class=\"flex max-w-full flex-col gap-4 grow\">\n<div class=\"min-h-8 text-message relative flex w-full flex-col items-end gap-2 text-start break-words whitespace-normal outline-none keyboard-focused:focus-ring [.text-message+&amp;]:mt-1\" dir=\"auto\" tabindex=\"0\" data-message-author-role=\"assistant\" data-message-id=\"911e274f-51ef-4c8e-8566-17e577a1bdfa\" data-message-model-slug=\"gpt-5-3\" data-turn-start-message=\"true\">\n<div class=\"flex w-full flex-col gap-1 empty:hidden\">\n<div class=\"markdown prose dark:prose-invert w-full wrap-break-word light markdown-new-styling\">\n<h4 data-start=\"0\" data-end=\"83\"><strong>Koper kangaskassi painatuksella tai ilman \u2013 juuttikassi vahvistetuilla kahvoilla<\/strong><\/h4>\n<p data-start=\"85\" data-end=\"349\"><strong data-start=\"85\" data-end=\"106\">Koper kangaskassi<\/strong> on kest\u00e4v\u00e4 ja k\u00e4yt\u00e4nn\u00f6llinen <strong data-start=\"136\" data-end=\"183\">luonnonv\u00e4risest\u00e4 juutista valmistettu kassi<\/strong>, joka sopii erinomaisesti <strong data-start=\"210\" data-end=\"264\">yrityksille, tapahtumiin ja p\u00e4ivitt\u00e4iseen k\u00e4ytt\u00f6\u00f6n<\/strong>. Se toimii hyvin <strong data-start=\"282\" data-end=\"348\">kangaskassina logolla, promootiotuotteena sek\u00e4 j\u00e4lleenmyyntiin<\/strong>.<\/p>\n<p data-start=\"351\" data-end=\"636\">Kassin koko <strong data-start=\"363\" data-end=\"382\">38 x 42 x 16 cm<\/strong> tarjoaa runsaasti tilaa ostoksille ja tuotteille. <strong data-start=\"433\" data-end=\"463\">Vahvistetut puuvillakahvat<\/strong> tekev\u00e4t kassista mukavan kantaa olalla ja lis\u00e4\u00e4v\u00e4t k\u00e4ytt\u00f6mukavuutta. <strong data-start=\"533\" data-end=\"567\">Ommellut ja vahvistetut reunat<\/strong> parantavat kest\u00e4vyytt\u00e4 ja tekev\u00e4t kassista pitk\u00e4ik\u00e4isen vaihtoehdon.<\/p>\n<p data-start=\"638\" data-end=\"934\"><strong data-start=\"638\" data-end=\"709\">Koper kangaskassi on saatavilla painatuksella tai ilman painatusta.<\/strong><br data-start=\"709\" data-end=\"712\" \/>Painettu kangaskassi toimii tehokkaana <strong data-start=\"751\" data-end=\"776\">markkinointiv\u00e4lineen\u00e4<\/strong> ja lis\u00e4\u00e4 br\u00e4ndin n\u00e4kyvyytt\u00e4. Ilman painatusta se sopii hyvin <strong data-start=\"838\" data-end=\"874\">j\u00e4lleenmyyntiin ja yleisk\u00e4ytt\u00f6\u00f6n<\/strong>.<br data-start=\"875\" data-end=\"878\" \/><strong data-start=\"878\" data-end=\"894\">DTF-painatus<\/strong> takaa tarkan ja kest\u00e4v\u00e4n lopputuloksen.<\/p>\n<h3 data-start=\"936\" data-end=\"952\">Ominaisuudet<\/h3>\n<p data-start=\"954\" data-end=\"1182\">Materiaali: Juutti<br data-start=\"972\" data-end=\"975\" \/>Mitat: 38 x 42 x 16 cm<br data-start=\"997\" data-end=\"1000\" \/>Kahvat: Vahvistetut puuvillakahvat<br data-start=\"1034\" data-end=\"1037\" \/>Rakenne: Ommellut ja vahvistetut reunat<br data-start=\"1076\" data-end=\"1079\" \/>Painatus: DTF-painatus<br data-start=\"1101\" data-end=\"1104\" \/>Saatavilla: painatuksella tai ilman painatusta<br data-start=\"1150\" data-end=\"1153\" \/>Toimitusaika: noin 1 viikko<\/p>\n<h3 data-start=\"1184\" data-end=\"1218\">Miksi valita Koper kangaskassi<\/h3>\n<p data-start=\"1220\" data-end=\"1435\">Kest\u00e4v\u00e4 juuttikassi vahvistetuilla rakenteilla<br data-start=\"1266\" data-end=\"1269\" \/>Sopii <strong data-start=\"1275\" data-end=\"1322\">kangaskassiksi logolla tai ilman painatusta<\/strong><br data-start=\"1322\" data-end=\"1325\" \/>Erinomainen valinta <strong data-start=\"1345\" data-end=\"1385\">yrityksille, tapahtumiin ja myyntiin<\/strong><br data-start=\"1385\" data-end=\"1388\" \/>Tilava ja pitk\u00e4ik\u00e4inen p\u00e4ivitt\u00e4iseen k\u00e4ytt\u00f6\u00f6n<\/p>\n<h3 data-start=\"1437\" data-end=\"1454\">K\u00e4ytt\u00f6kohteet<\/h3>\n<p data-start=\"1456\" data-end=\"1616\">Kangaskassi painatuksella yrityksille<br data-start=\"1493\" data-end=\"1496\" \/>Kangaskassi logolla messuille ja tapahtumiin<br data-start=\"1540\" data-end=\"1543\" \/>Kangaskassi j\u00e4lleenmyyntiin<br data-start=\"1570\" data-end=\"1573\" \/>Kest\u00e4v\u00e4 ostoskassi p\u00e4ivitt\u00e4iseen k\u00e4ytt\u00f6\u00f6n<\/p>\n<h3 data-start=\"1618\" data-end=\"1646\">Usein kysytyt kysymykset<\/h3>\n<p data-start=\"1648\" data-end=\"1721\"><strong data-start=\"1648\" data-end=\"1682\">Onko Koper kangaskassi juuttia<\/strong><br data-start=\"1682\" data-end=\"1685\" \/>Kyll\u00e4, kassi on valmistettu juutista<\/p>\n<p data-start=\"1723\" data-end=\"1859\"><strong data-start=\"1723\" data-end=\"1761\">Voiko kassiin painattaa oman logon<\/strong><br data-start=\"1761\" data-end=\"1764\" \/>Kyll\u00e4, kangaskassi on saatavilla painatuksella ja <strong data-start=\"1814\" data-end=\"1830\">DTF-painatus<\/strong> takaa kest\u00e4v\u00e4n lopputuloksen<\/p>\n<p data-start=\"1861\" data-end=\"1964\"><strong data-start=\"1861\" data-end=\"1901\">Voiko kassin tilata ilman painatusta<\/strong><br data-start=\"1901\" data-end=\"1904\" \/>Kyll\u00e4, Koper kangaskassi on saatavilla my\u00f6s ilman painatusta<\/p>\n<p data-start=\"1966\" data-end=\"2022\" data-is-last-node=\"\" data-is-only-node=\"\"><strong data-start=\"1966\" data-end=\"1990\">Mik\u00e4 on toimitusaika<\/strong><br data-start=\"1990\" data-end=\"1993\" \/>Toimitusaika on noin 1 viikko<\/p>\n<\/div>\n<\/div>\n<\/div>\n<\/div>\n<div class=\"z-0 flex min-h-[46px] justify-start\"><\/div>\n<\/div>\n<\/div>\n<\/section>\n<\/div>\n<\/div>\n","protected":false},"excerpt":{"rendered":"<p>Tuotenumero 301444 Koper kangaskassi painatuksella tai ilman \u2013 juuttikassi vahvistetuilla kahvoilla Koper kangaskassi on kest\u00e4v\u00e4 ja k\u00e4yt\u00e4nn\u00f6llinen luonnonv\u00e4risest\u00e4 juutista valmistettu kassi, joka sopii erinomaisesti yrityksille, tapahtumiin ja p\u00e4ivitt\u00e4iseen k\u00e4ytt\u00f6\u00f6n. Se toimii hyvin kangaskassina logolla, promootiotuotteena sek\u00e4 j\u00e4lleenmyyntiin. Kassin koko 38 x 42 x 16 cm tarjoaa runsaasti tilaa ostoksille ja tuotteille. Vahvistetut puuvillakahvat tekev\u00e4t kassista [&hellip;]<\/p>\n","protected":false},"featured_media":19980,"template":"","meta":{"_acf_changed":false,"om_disable_all_campaigns":false,"_monsterinsights_skip_tracking":false,"_monsterinsights_sitenote_active":false,"_monsterinsights_sitenote_note":"","_monsterinsights_sitenote_category":0},"product_brand":[],"product_cat":[363],"product_tag":[381,628,405,298],"class_list":{"0":"post-19979","1":"product","2":"type-product","3":"status-publish","4":"has-post-thumbnail","6":"product_cat-kassit","7":"product_tag-kassi","8":"product_tag-kassi-painatus","9":"product_tag-ostoskassi","10":"product_tag-painatus","11":"product_shipping_class-postipaketti","13":"first","14":"instock","15":"taxable","16":"shipping-taxable","17":"purchasable","18":"product-type-simple"},"acf":[],"aioseo_notices":[],"_links":{"self":[{"href":"https:\/\/www.roly24.com\/index.php\/wp-json\/wp\/v2\/product\/19979","targetHints":{"allow":["GET"]}}],"collection":[{"href":"https:\/\/www.roly24.com\/index.php\/wp-json\/wp\/v2\/product"}],"about":[{"href":"https:\/\/www.roly24.com\/index.php\/wp-json\/wp\/v2\/types\/product"}],"version-history":[{"count":2,"href":"https:\/\/www.roly24.com\/index.php\/wp-json\/wp\/v2\/product\/19979\/revisions"}],"predecessor-version":[{"id":22337,"href":"https:\/\/www.roly24.com\/index.php\/wp-json\/wp\/v2\/product\/19979\/revisions\/22337"}],"wp:featuredmedia":[{"embeddable":true,"href":"https:\/\/www.roly24.com\/index.php\/wp-json\/wp\/v2\/media\/19980"}],"wp:attachment":[{"href":"https:\/\/www.roly24.com\/index.php\/wp-json\/wp\/v2\/media?parent=19979"}],"wp:term":[{"taxonomy":"product_brand","embeddable":true,"href":"https:\/\/www.roly24.com\/index.php\/wp-json\/wp\/v2\/product_brand?post=19979"},{"taxonomy":"product_cat","embeddable":true,"href":"https:\/\/www.roly24.com\/index.php\/wp-json\/wp\/v2\/product_cat?post=19979"},{"taxonomy":"product_tag","embeddable":true,"href":"https:\/\/www.roly24.com\/index.php\/wp-json\/wp\/v2\/product_tag?post=19979"}],"curies":[{"name":"wp","href":"https:\/\/api.w.org\/{rel}","templated":true}]}}