{"id":19817,"date":"2025-08-27T13:03:01","date_gmt":"2025-08-27T11:03:01","guid":{"rendered":"https:\/\/www.roly24.com\/?post_type=product&#038;p=19817"},"modified":"2026-04-19T19:08:39","modified_gmt":"2026-04-19T17:08:39","slug":"kassi-valmir-kappalehinta-alkaen","status":"publish","type":"product","link":"https:\/\/www.roly24.com\/index.php\/tuote\/kassi-valmir-kappalehinta-alkaen\/","title":{"rendered":"Reilun kaupan puuvillasta Kassi VALMIR &#8211; painatuksella tai ilman"},"content":{"rendered":"<p><strong>Tuotenumero 301420<\/strong><\/p>\n<div class=\"flex flex-col text-sm pb-25\">\n<section class=\"text-token-text-primary w-full focus:outline-none [--shadow-height:45px] has-data-writing-block:pointer-events-none has-data-writing-block:-mt-(--shadow-height) has-data-writing-block:pt-(--shadow-height) [&amp;:has([data-writing-block])&gt;*]:pointer-events-auto scroll-mt-[calc(var(--header-height)+min(200px,max(70px,20svh)))]\" dir=\"auto\" data-turn-id=\"request-69dfb62b-f108-8392-bbc9-c9f436d44a4c-42\" data-testid=\"conversation-turn-48\" data-scroll-anchor=\"true\" data-turn=\"assistant\">\n<div class=\"text-base my-auto mx-auto pb-10 [--thread-content-margin:var(--thread-content-margin-xs,calc(var(--spacing)*4))] @w-sm\/main:[--thread-content-margin:var(--thread-content-margin-sm,calc(var(--spacing)*6))] @w-lg\/main:[--thread-content-margin:var(--thread-content-margin-lg,calc(var(--spacing)*16))] px-(--thread-content-margin)\">\n<div class=\"[--thread-content-max-width:40rem] @w-lg\/main:[--thread-content-max-width:48rem] mx-auto max-w-(--thread-content-max-width) flex-1 group\/turn-messages focus-visible:outline-hidden relative flex w-full min-w-0 flex-col agent-turn\">\n<div class=\"flex max-w-full flex-col gap-4 grow\">\n<div class=\"min-h-8 text-message relative flex w-full flex-col items-end gap-2 text-start break-words whitespace-normal outline-none keyboard-focused:focus-ring [.text-message+&amp;]:mt-1\" dir=\"auto\" tabindex=\"0\" data-message-author-role=\"assistant\" data-message-id=\"93fe8d6d-a6ff-4b37-b462-cd7a07616ad6\" data-message-model-slug=\"gpt-5-3\" data-turn-start-message=\"true\">\n<div class=\"flex w-full flex-col gap-1 empty:hidden\">\n<div class=\"markdown prose dark:prose-invert w-full wrap-break-word light markdown-new-styling\">\n<h4 data-start=\"0\" data-end=\"84\"><strong>Valmir kangaskassi painatuksella tai ilman \u2013 Reilun kaupan puuvillakassi 180 g\/m\u00b2<\/strong><\/h4>\n<p data-start=\"86\" data-end=\"367\"><strong data-start=\"86\" data-end=\"108\">Valmir kangaskassi<\/strong> on kest\u00e4v\u00e4 ja vastuullinen <strong data-start=\"136\" data-end=\"195\">100 % Reilun kaupan puuvillasta valmistettu kangaskassi<\/strong>, joka sopii erinomaisesti <strong data-start=\"222\" data-end=\"276\">yrityksille, tapahtumiin ja p\u00e4ivitt\u00e4iseen k\u00e4ytt\u00f6\u00f6n<\/strong>. Se toimii loistavasti <strong data-start=\"300\" data-end=\"366\">kangaskassina logolla, promootiotuotteena sek\u00e4 j\u00e4lleenmyyntiin<\/strong>.<\/p>\n<p data-start=\"369\" data-end=\"630\">Kassin koko <strong data-start=\"381\" data-end=\"395\">38 x 42 cm<\/strong> tarjoaa hyv\u00e4n tilavuuden ostoksille ja tuotteille. <strong data-start=\"447\" data-end=\"482\">Vahvistetut 70 cm pitk\u00e4t kahvat<\/strong> tekev\u00e4t kassista mukavan kantaa olalla ja lis\u00e4\u00e4v\u00e4t kest\u00e4vyytt\u00e4. <strong data-start=\"547\" data-end=\"570\">180 g\/m\u00b2 materiaali<\/strong> tekee kassista j\u00e4m\u00e4k\u00e4n mutta kevyen p\u00e4ivitt\u00e4iseen k\u00e4ytt\u00f6\u00f6n.<\/p>\n<p data-start=\"632\" data-end=\"929\"><strong data-start=\"632\" data-end=\"704\">Valmir kangaskassi on saatavilla painatuksella tai ilman painatusta.<\/strong><br data-start=\"704\" data-end=\"707\" \/>Painettu kangaskassi toimii tehokkaana <strong data-start=\"746\" data-end=\"771\">markkinointiv\u00e4lineen\u00e4<\/strong> ja lis\u00e4\u00e4 br\u00e4ndin n\u00e4kyvyytt\u00e4. Ilman painatusta se sopii hyvin <strong data-start=\"833\" data-end=\"869\">j\u00e4lleenmyyntiin ja yleisk\u00e4ytt\u00f6\u00f6n<\/strong>.<br data-start=\"870\" data-end=\"873\" \/><strong data-start=\"873\" data-end=\"889\">DTF-painatus<\/strong> takaa tarkan ja kest\u00e4v\u00e4n lopputuloksen.<\/p>\n<h3 data-start=\"931\" data-end=\"947\">Ominaisuudet<\/h3>\n<p data-start=\"949\" data-end=\"1175\">Materiaali: 100 % Reilun kaupan puuvilla<br data-start=\"989\" data-end=\"992\" \/>Paino: 180 g\/m\u00b2<br data-start=\"1007\" data-end=\"1010\" \/>Mitat: 38 x 42 cm<br data-start=\"1027\" data-end=\"1030\" \/>Kahvat: 70 cm vahvistetut pitk\u00e4t kahvat<br data-start=\"1069\" data-end=\"1072\" \/>Painatus: DTF-painatus<br data-start=\"1094\" data-end=\"1097\" \/>Saatavilla: painatuksella tai ilman painatusta<br data-start=\"1143\" data-end=\"1146\" \/>Toimitusaika: noin 1 viikko<\/p>\n<h3 data-start=\"1177\" data-end=\"1212\">Miksi valita Valmir kangaskassi<\/h3>\n<p data-start=\"1214\" data-end=\"1432\">Vastuullinen valinta Reilun kaupan puuvillasta<br data-start=\"1260\" data-end=\"1263\" \/>Sopii <strong data-start=\"1269\" data-end=\"1316\">kangaskassiksi logolla tai ilman painatusta<\/strong><br data-start=\"1316\" data-end=\"1319\" \/>Erinomainen valinta <strong data-start=\"1339\" data-end=\"1379\">yrityksille, tapahtumiin ja myyntiin<\/strong><br data-start=\"1379\" data-end=\"1382\" \/>Kest\u00e4v\u00e4 ja k\u00e4yt\u00e4nn\u00f6llinen p\u00e4ivitt\u00e4iseen k\u00e4ytt\u00f6\u00f6n<\/p>\n<h3 data-start=\"1434\" data-end=\"1451\">K\u00e4ytt\u00f6kohteet<\/h3>\n<p data-start=\"1453\" data-end=\"1593\">Kangaskassi painatuksella yrityksille<br data-start=\"1490\" data-end=\"1493\" \/>Kangaskassi logolla messuille ja tapahtumiin<br data-start=\"1537\" data-end=\"1540\" \/>Kangaskassi j\u00e4lleenmyyntiin<br data-start=\"1567\" data-end=\"1570\" \/>Ekologinen ostoskassi<\/p>\n<h3 data-start=\"1595\" data-end=\"1623\">Usein kysytyt kysymykset<\/h3>\n<p data-start=\"1625\" data-end=\"1742\"><strong data-start=\"1625\" data-end=\"1676\">Onko Valmir kangaskassi Reilun kaupan puuvillaa<\/strong><br data-start=\"1676\" data-end=\"1679\" \/>Kyll\u00e4, kassi on valmistettu <strong data-start=\"1707\" data-end=\"1742\">100 % Reilun kaupan puuvillasta<\/strong><\/p>\n<p data-start=\"1744\" data-end=\"1880\"><strong data-start=\"1744\" data-end=\"1782\">Voiko kassiin painattaa oman logon<\/strong><br data-start=\"1782\" data-end=\"1785\" \/>Kyll\u00e4, kangaskassi on saatavilla painatuksella ja <strong data-start=\"1835\" data-end=\"1851\">DTF-painatus<\/strong> takaa kest\u00e4v\u00e4n lopputuloksen<\/p>\n<p data-start=\"1882\" data-end=\"1986\"><strong data-start=\"1882\" data-end=\"1922\">Voiko kassin tilata ilman painatusta<\/strong><br data-start=\"1922\" data-end=\"1925\" \/>Kyll\u00e4, Valmir kangaskassi on saatavilla my\u00f6s ilman painatusta<\/p>\n<p data-start=\"1988\" data-end=\"2044\" data-is-last-node=\"\" data-is-only-node=\"\"><strong data-start=\"1988\" data-end=\"2012\">Mik\u00e4 on toimitusaika<\/strong><br data-start=\"2012\" data-end=\"2015\" \/>Toimitusaika on noin 1 viikko<\/p>\n<\/div>\n<\/div>\n<\/div>\n<\/div>\n<\/div>\n<\/div>\n<\/section>\n<\/div>\n","protected":false},"excerpt":{"rendered":"<p>Tuotenumero 301420 Valmir kangaskassi painatuksella tai ilman \u2013 Reilun kaupan puuvillakassi 180 g\/m\u00b2 Valmir kangaskassi on kest\u00e4v\u00e4 ja vastuullinen 100 % Reilun kaupan puuvillasta valmistettu kangaskassi, joka sopii erinomaisesti yrityksille, tapahtumiin ja p\u00e4ivitt\u00e4iseen k\u00e4ytt\u00f6\u00f6n. Se toimii loistavasti kangaskassina logolla, promootiotuotteena sek\u00e4 j\u00e4lleenmyyntiin. Kassin koko 38 x 42 cm tarjoaa hyv\u00e4n tilavuuden ostoksille ja tuotteille. Vahvistetut [&hellip;]<\/p>\n","protected":false},"featured_media":19818,"template":"","meta":{"_acf_changed":false,"om_disable_all_campaigns":false,"_monsterinsights_skip_tracking":false,"_monsterinsights_sitenote_active":false,"_monsterinsights_sitenote_note":"","_monsterinsights_sitenote_category":0},"product_brand":[],"product_cat":[363],"product_tag":[381,628,405,298],"class_list":{"0":"post-19817","1":"product","2":"type-product","3":"status-publish","4":"has-post-thumbnail","6":"product_cat-kassit","7":"product_tag-kassi","8":"product_tag-kassi-painatus","9":"product_tag-ostoskassi","10":"product_tag-painatus","11":"product_shipping_class-postipaketti","13":"first","14":"instock","15":"taxable","16":"shipping-taxable","17":"purchasable","18":"product-type-simple"},"acf":[],"aioseo_notices":[],"_links":{"self":[{"href":"https:\/\/www.roly24.com\/index.php\/wp-json\/wp\/v2\/product\/19817","targetHints":{"allow":["GET"]}}],"collection":[{"href":"https:\/\/www.roly24.com\/index.php\/wp-json\/wp\/v2\/product"}],"about":[{"href":"https:\/\/www.roly24.com\/index.php\/wp-json\/wp\/v2\/types\/product"}],"version-history":[{"count":2,"href":"https:\/\/www.roly24.com\/index.php\/wp-json\/wp\/v2\/product\/19817\/revisions"}],"predecessor-version":[{"id":22347,"href":"https:\/\/www.roly24.com\/index.php\/wp-json\/wp\/v2\/product\/19817\/revisions\/22347"}],"wp:featuredmedia":[{"embeddable":true,"href":"https:\/\/www.roly24.com\/index.php\/wp-json\/wp\/v2\/media\/19818"}],"wp:attachment":[{"href":"https:\/\/www.roly24.com\/index.php\/wp-json\/wp\/v2\/media?parent=19817"}],"wp:term":[{"taxonomy":"product_brand","embeddable":true,"href":"https:\/\/www.roly24.com\/index.php\/wp-json\/wp\/v2\/product_brand?post=19817"},{"taxonomy":"product_cat","embeddable":true,"href":"https:\/\/www.roly24.com\/index.php\/wp-json\/wp\/v2\/product_cat?post=19817"},{"taxonomy":"product_tag","embeddable":true,"href":"https:\/\/www.roly24.com\/index.php\/wp-json\/wp\/v2\/product_tag?post=19817"}],"curies":[{"name":"wp","href":"https:\/\/api.w.org\/{rel}","templated":true}]}}