{"id":18313,"date":"2025-04-10T08:20:33","date_gmt":"2025-04-10T06:20:33","guid":{"rendered":"https:\/\/www.roly24.com\/?post_type=product&#038;p=18313"},"modified":"2026-03-13T14:32:25","modified_gmt":"2026-03-13T12:32:25","slug":"lippis-wizer","status":"publish","type":"product","link":"https:\/\/www.roly24.com\/index.php\/tuote\/lippis-wizer\/","title":{"rendered":"Lippis Wizer"},"content":{"rendered":"<p><strong>Tuotenumero 510304<\/strong><\/p>\n<p>Mukava tekninen visiir pehme\u00e4st\u00e4 mikrokuidusta,<br \/>\njossa s\u00e4\u00e4dett\u00e4v\u00e4 tarrakiinnitys ja pehmustetut sivut lis\u00e4\u00e4v\u00e4t mukavuutta.<br \/>\nIhanteellinen intensiivisimpiin urheiluharjoitteihisi.<\/p>\n<p><strong>Materiaali:<\/strong><br \/>\nPolyesteri. Koko: 58-60 cm.<\/p>\n<p class=\"observation-text\" data-v-00b2e954=\"\">\n","protected":false},"excerpt":{"rendered":"<p>Tuotenumero 510304 Mukava tekninen visiir pehme\u00e4st\u00e4 mikrokuidusta, jossa s\u00e4\u00e4dett\u00e4v\u00e4 tarrakiinnitys ja pehmustetut sivut lis\u00e4\u00e4v\u00e4t mukavuutta. Ihanteellinen intensiivisimpiin urheiluharjoitteihisi. Materiaali: Polyesteri. Koko: 58-60 cm.<\/p>\n","protected":false},"featured_media":18314,"template":"","meta":{"_acf_changed":false,"om_disable_all_campaigns":false,"_monsterinsights_skip_tracking":false,"_monsterinsights_sitenote_active":false,"_monsterinsights_sitenote_note":"","_monsterinsights_sitenote_category":0},"product_brand":[],"product_cat":[358],"product_tag":[],"class_list":{"0":"post-18313","1":"product","2":"type-product","3":"status-publish","4":"has-post-thumbnail","6":"product_cat-paahineet","7":"product_shipping_class-postipaketti","9":"first","10":"instock","11":"taxable","12":"shipping-taxable","13":"purchasable","14":"product-type-simple"},"acf":[],"aioseo_notices":[],"_links":{"self":[{"href":"https:\/\/www.roly24.com\/index.php\/wp-json\/wp\/v2\/product\/18313","targetHints":{"allow":["GET"]}}],"collection":[{"href":"https:\/\/www.roly24.com\/index.php\/wp-json\/wp\/v2\/product"}],"about":[{"href":"https:\/\/www.roly24.com\/index.php\/wp-json\/wp\/v2\/types\/product"}],"version-history":[{"count":1,"href":"https:\/\/www.roly24.com\/index.php\/wp-json\/wp\/v2\/product\/18313\/revisions"}],"predecessor-version":[{"id":21407,"href":"https:\/\/www.roly24.com\/index.php\/wp-json\/wp\/v2\/product\/18313\/revisions\/21407"}],"wp:featuredmedia":[{"embeddable":true,"href":"https:\/\/www.roly24.com\/index.php\/wp-json\/wp\/v2\/media\/18314"}],"wp:attachment":[{"href":"https:\/\/www.roly24.com\/index.php\/wp-json\/wp\/v2\/media?parent=18313"}],"wp:term":[{"taxonomy":"product_brand","embeddable":true,"href":"https:\/\/www.roly24.com\/index.php\/wp-json\/wp\/v2\/product_brand?post=18313"},{"taxonomy":"product_cat","embeddable":true,"href":"https:\/\/www.roly24.com\/index.php\/wp-json\/wp\/v2\/product_cat?post=18313"},{"taxonomy":"product_tag","embeddable":true,"href":"https:\/\/www.roly24.com\/index.php\/wp-json\/wp\/v2\/product_tag?post=18313"}],"curies":[{"name":"wp","href":"https:\/\/api.w.org\/{rel}","templated":true}]}}