{"id":14821,"date":"2025-01-27T11:55:24","date_gmt":"2025-01-27T09:55:24","guid":{"rendered":"https:\/\/www.roly24.com\/?post_type=product&#038;p=14821"},"modified":"2026-03-13T14:54:16","modified_gmt":"2026-03-13T12:54:16","slug":"hihaton-paita-basel","status":"publish","type":"product","link":"https:\/\/www.roly24.com\/index.php\/tuote\/hihaton-paita-basel\/","title":{"rendered":"korkean tuen hihaton toppi BASEL 250g\/m\u00b2 painettuna tai painamattomana"},"content":{"rendered":"<p><strong>Tuotenumero 500404<\/strong><\/p>\n<article class=\"text-token-text-primary w-full focus:outline-none [--shadow-height:45px] has-data-writing-block:pointer-events-none has-data-writing-block:-mt-(--shadow-height) has-data-writing-block:pt-(--shadow-height) [&amp;:has([data-writing-block])&gt;*]:pointer-events-auto scroll-mt-(--header-height)\" dir=\"auto\" tabindex=\"-1\" data-turn-id=\"ea4da4ba-9581-4971-9c76-3cc43e8baa22\" data-testid=\"conversation-turn-31\" data-scroll-anchor=\"false\" data-turn=\"user\"><\/article>\n<article class=\"text-token-text-primary w-full focus:outline-none [--shadow-height:45px] has-data-writing-block:pointer-events-none has-data-writing-block:-mt-(--shadow-height) has-data-writing-block:pt-(--shadow-height) [&amp;:has([data-writing-block])&gt;*]:pointer-events-auto scroll-mt-[calc(var(--header-height)+min(200px,max(70px,20svh)))]\" dir=\"auto\" tabindex=\"-1\" data-turn-id=\"request-WEB:31a753ef-2533-435b-bbcc-9002d69ba02b-41\" data-testid=\"conversation-turn-32\" data-scroll-anchor=\"true\" data-turn=\"assistant\">\n<div class=\"text-base my-auto mx-auto pb-10 [--thread-content-margin:--spacing(4)] @w-sm\/main:[--thread-content-margin:--spacing(6)] @w-lg\/main:[--thread-content-margin:--spacing(16)] px-(--thread-content-margin)\">\n<div class=\"[--thread-content-max-width:40rem] @w-lg\/main:[--thread-content-max-width:48rem] mx-auto max-w-(--thread-content-max-width) flex-1 group\/turn-messages focus-visible:outline-hidden relative flex w-full min-w-0 flex-col agent-turn\" tabindex=\"-1\">\n<div class=\"flex max-w-full flex-col grow\">\n<div class=\"min-h-8 text-message relative flex w-full flex-col items-end gap-2 text-start break-words whitespace-normal [.text-message+&amp;]:mt-1\" dir=\"auto\" data-message-author-role=\"assistant\" data-message-id=\"498cbff8-17fc-4ce7-aa63-67c21cde415c\" data-message-model-slug=\"gpt-5-3\">\n<div class=\"flex w-full flex-col gap-1 empty:hidden first:pt-[1px]\">\n<div class=\"markdown prose dark:prose-invert w-full wrap-break-word light markdown-new-styling\">\n<h2 data-start=\"0\" data-end=\"75\">Hihaton paita Basel \u2013 naisten urheilutoppi painettuna tai painamattomana<\/h2>\n<p data-start=\"77\" data-end=\"471\"><strong data-start=\"77\" data-end=\"100\">Basel hihaton paita<\/strong> on laadukas <strong data-start=\"113\" data-end=\"150\">naisten korkean tuen urheilutoppi<\/strong>, joka sopii erinomaisesti <strong data-start=\"177\" data-end=\"256\">treeniin, urheiluun, tapahtumiin, yrityspaitoihin sek\u00e4 promootiotuotteisiin<\/strong>. Tuotteet myyd\u00e4\u00e4n <strong data-start=\"275\" data-end=\"315\">sek\u00e4 painettuina ett\u00e4 painamattomina<\/strong>, joten voit tilata topit valmiiksi painettuna logolla, tekstill\u00e4 tai designilla tai vaihtoehtoisesti ilman painatusta omaan k\u00e4ytt\u00f6\u00f6n tai jatkopainatukseen.<\/p>\n<p data-start=\"473\" data-end=\"862\">Topissa on <strong data-start=\"484\" data-end=\"504\">racerback-hihnat<\/strong>, jotka parantavat liikkuvuutta ja k\u00e4ytt\u00f6mukavuutta harjoittelun aikana. <strong data-start=\"577\" data-end=\"614\">Vahvistettu kuminauha rinnan alla<\/strong> antaa lis\u00e4tukea, ja <strong data-start=\"635\" data-end=\"672\">kaksinkertainen kangas sek\u00e4 vuori<\/strong> tekev\u00e4t topista mukavan ja turvallisen k\u00e4ytt\u00e4\u00e4. <strong data-start=\"721\" data-end=\"754\">Irrotettavat vaahtomuovikupit<\/strong> mahdollistavat yksil\u00f6llisen tuen ja istuvuuden. Sel\u00e4ss\u00e4 oleva <strong data-start=\"817\" data-end=\"830\">Roly-logo<\/strong> viimeistelee sporttisen ilmeen.<\/p>\n<h3 data-start=\"864\" data-end=\"880\">Ominaisuudet<\/h3>\n<p data-start=\"881\" data-end=\"1181\">Naisten korkean tuen urheilutoppi \u2022 Racerback-hihnat \u2022 Vahvistettu kuminauha rinnan alla \u2022 Kaksinkertainen kangas ja vuori \u2022 Irrotettavat vaahtomuovikupit \u2022 Sel\u00e4ss\u00e4 n\u00e4kyv\u00e4 Roly-logo \u2022 <strong data-start=\"1065\" data-end=\"1089\">Irrotettava etiketti<\/strong> (sopii j\u00e4lleenmyyntiin ja omaan br\u00e4nd\u00e4ykseen) \u2022 <strong data-start=\"1138\" data-end=\"1181\">Saatavana painettuna tai painamattomana<\/strong><\/p>\n<h3 data-start=\"1183\" data-end=\"1197\">Materiaali<\/h3>\n<p data-start=\"1198\" data-end=\"1251\"><strong data-start=\"1198\" data-end=\"1236\">83 % polyesteri\u00e4 \/ 17 % elastaania<\/strong><br data-start=\"1236\" data-end=\"1239\" \/><strong data-start=\"1239\" data-end=\"1251\">250 g\/m\u00b2<\/strong><\/p>\n<p data-start=\"1253\" data-end=\"1374\">Materiaali on joustava, hengitt\u00e4v\u00e4 ja hyvin soveltuva <strong data-start=\"1307\" data-end=\"1373\">urheilutoppien k\u00e4ytt\u00f6\u00f6n sek\u00e4 teknisten vaatteiden painatukseen<\/strong>.<\/p>\n<h3 data-start=\"1376\" data-end=\"1393\">K\u00e4ytt\u00f6kohteet<\/h3>\n<p data-start=\"1394\" data-end=\"1575\">Sopii hyvin esimerkiksi:<br data-start=\"1418\" data-end=\"1421\" \/>urheiluun \u2022 treeniin \u2022 fitnessk\u00e4ytt\u00f6\u00f6n \u2022 tapahtumiin \u2022 promootiotuotteisiin \u2022 yrityspaitoihin \u2022 br\u00e4ndituotteisiin \u2022 verkkokauppamyyntiin \u2022 j\u00e4lleenmyyntiin<\/p>\n<h3 data-start=\"1577\" data-end=\"1619\">Tuotteet painettuna tai painamattomana<\/h3>\n<p data-start=\"1620\" data-end=\"1767\">Voit tilata Basel topit <strong data-start=\"1644\" data-end=\"1662\">painamattomina<\/strong> omaa painotuotantoa varten tai <strong data-start=\"1694\" data-end=\"1719\">valmiiksi painettuina<\/strong> esimerkiksi logolla, tekstill\u00e4 tai grafiikalla.<\/p>\n<p data-start=\"1769\" data-end=\"1850\">Mahdolliset painatusmenetelm\u00e4t:<br data-start=\"1800\" data-end=\"1803\" \/><strong data-start=\"1803\" data-end=\"1850\">DTF-painatus \u2022 siirtopainatus \u2022 sublimaatio<\/strong><\/p>\n<h3 data-start=\"1852\" data-end=\"1884\">Suuret er\u00e4t ja j\u00e4lleenmyyj\u00e4t<\/h3>\n<p data-start=\"1885\" data-end=\"2108\">Toimitamme <strong data-start=\"1896\" data-end=\"1930\">suuremmat er\u00e4t tarjouspohjalta<\/strong> esimerkiksi j\u00e4lleenmyyjille, painotaloille, yrityksille, yhdistyksille ja tapahtumaj\u00e4rjest\u00e4jille. Tuotteet voidaan toimittaa <strong data-start=\"2056\" data-end=\"2090\">painettuina tai painamattomina<\/strong> tilauksen mukaan.<\/p>\n<p data-start=\"2110\" data-end=\"2150\">\ud83d\udce9 <strong data-start=\"2113\" data-end=\"2150\">Pyyd\u00e4 tarjous suuremmista erist\u00e4.<\/strong><\/p>\n<h3 data-start=\"2152\" data-end=\"2186\">FAQ \u2013 Usein kysytyt kysymykset<\/h3>\n<p data-start=\"2188\" data-end=\"2336\"><strong data-start=\"2188\" data-end=\"2235\">Voiko Basel urheilutopin tilata painettuna?<\/strong><br data-start=\"2235\" data-end=\"2238\" \/>Kyll\u00e4. Topit voidaan toimittaa <strong data-start=\"2269\" data-end=\"2335\">valmiiksi painettuina omalla logolla, tekstill\u00e4 tai designilla<\/strong>.<\/p>\n<p data-start=\"2338\" data-end=\"2449\"><strong data-start=\"2338\" data-end=\"2381\">Voiko tuotteen tilata ilman painatusta?<\/strong><br data-start=\"2381\" data-end=\"2384\" \/>Kyll\u00e4. Tuotteet myyd\u00e4\u00e4n <strong data-start=\"2408\" data-end=\"2448\">sek\u00e4 painettuina ett\u00e4 painamattomina<\/strong>.<\/p>\n<p data-start=\"2451\" data-end=\"2617\"><strong data-start=\"2451\" data-end=\"2487\">Onko Basel toppi hyv\u00e4 urheiluun?<\/strong><br data-start=\"2487\" data-end=\"2490\" \/>Kyll\u00e4. Toppi tarjoaa <strong data-start=\"2511\" data-end=\"2527\">korkean tuen<\/strong>, racerback-leikkauksen sek\u00e4 joustavan materiaalin, joka sopii hyvin aktiiviseen k\u00e4ytt\u00f6\u00f6n.<\/p>\n<p data-start=\"2619\" data-end=\"2768\"><strong data-start=\"2619\" data-end=\"2649\">Mit\u00e4 materiaalia toppi on?<\/strong><br data-start=\"2649\" data-end=\"2652\" \/>Toppi on valmistettu <strong data-start=\"2673\" data-end=\"2727\">83 % polyesterist\u00e4 ja 17 % elastaanista (250 g\/m\u00b2)<\/strong>, mik\u00e4 tekee siit\u00e4 joustavan ja kest\u00e4v\u00e4n.<\/p>\n<p data-start=\"2770\" data-end=\"2910\"><strong data-start=\"2770\" data-end=\"2804\">Sopiiko toppi j\u00e4lleenmyyntiin?<\/strong><br data-start=\"2804\" data-end=\"2807\" \/>Kyll\u00e4. <strong data-start=\"2814\" data-end=\"2838\">Irrotettava etiketti<\/strong> tekee tuotteesta sopivan my\u00f6s j\u00e4lleenmyyntiin ja oman br\u00e4ndin k\u00e4ytt\u00f6\u00f6n.<\/p>\n<p data-start=\"2912\" data-end=\"3057\"><strong data-start=\"2912\" data-end=\"2957\">Saako suuremmista tilauksista tarjouksen?<\/strong><br data-start=\"2957\" data-end=\"2960\" \/>Kyll\u00e4. <strong data-start=\"2967\" data-end=\"3020\">Suuremmat tilaukset hinnoitellaan tarjouspohjalta<\/strong> j\u00e4lleenmyyjille ja alan toimijoille.<\/p>\n<\/div>\n<\/div>\n<\/div>\n<\/div>\n<\/div>\n<\/div>\n<\/article>\n<p><img decoding=\"async\" class=\"mr-1 grey\" title=\"30\u00ba pesu max.\" src=\"https:\/\/static.gorfactory.es\/images\/icons\/20220914110209_Lavar%20a%2030%C2%BA%20m%C3%A1ximo.png\" alt=\"30\u00ba pesu max.\" width=\"40\" height=\"40\" data-v-6089ed0a=\"\" data-v-00b2e954=\"\" \/><img decoding=\"async\" class=\"mr-1 grey\" title=\"\u00c4l\u00e4 valkaise\" src=\"https:\/\/static.gorfactory.es\/images\/icons\/20220914110315_No%20usar%20blanqueador.png\" alt=\"\u00c4l\u00e4 valkaise\" width=\"40\" height=\"40\" data-v-6089ed0a=\"\" data-v-00b2e954=\"\" \/><img decoding=\"async\" class=\"mr-1 grey\" title=\"\u00c4l\u00e4 rumpukuivaa\" src=\"https:\/\/static.gorfactory.es\/images\/icons\/20220914110302_No%20secar%20en%20secadora.png\" alt=\"\u00c4l\u00e4 rumpukuivaa\" width=\"40\" height=\"40\" data-v-6089ed0a=\"\" data-v-00b2e954=\"\" \/><img loading=\"lazy\" decoding=\"async\" class=\"mr-1 grey\" title=\"\u00c4l\u00e4 silit\u00e4\" src=\"https:\/\/static.gorfactory.es\/images\/icons\/20220914110249_No%20planchar.png\" alt=\"\u00c4l\u00e4 silit\u00e4\" width=\"40\" height=\"40\" data-v-6089ed0a=\"\" data-v-00b2e954=\"\" \/><img loading=\"lazy\" decoding=\"async\" class=\"mr-1 grey\" title=\"\u00c4l\u00e4 kuivapesua\" src=\"https:\/\/static.gorfactory.es\/images\/icons\/20220914110151_No%20lavar%20en%20seco.png\" alt=\"\u00c4l\u00e4 kuivapesua\" width=\"40\" height=\"40\" data-v-6089ed0a=\"\" data-v-00b2e954=\"\" \/><\/p>\n<p><strong>Mittausohjeet:<\/strong><br \/>\n<strong>Leveys: Tuotteen reunasta reunaan 2cm hihojen alapuolelta.<\/strong><br \/>\n<strong>Pituus: Olkap\u00e4\u00e4n korkeimmasta kohdasta tuotteen\u00a0alareunaan.<\/strong><\/p>\n<table id=\"size_chart\" class=\"table table-responsive\" style=\"height: 265px;\" width=\"203\" cellspacing=\"0\" cellpadding=\"0\">\n<tbody>\n<tr>\n<th>Koko<\/th>\n<th><img decoding=\"async\" src=\"https:\/\/wordans-a1a5.kxcdn.com\/images\/wordans2010\/length.png\" alt=\"Length\" \/>\u00a0<label id=\"lengthLabel\">Pituus<\/label><\/th>\n<th><img decoding=\"async\" src=\"https:\/\/wordans-a1a5.kxcdn.com\/images\/wordans2010\/width.png\" alt=\"Width\" \/>\u00a0<label id=\"widthLabel\">Leveys<\/label><\/th>\n<\/tr>\n<tr>\n<td>S<\/td>\n<td>33<\/td>\n<td>32<\/td>\n<\/tr>\n<tr>\n<td>M<\/td>\n<td>35<\/td>\n<td>35<\/td>\n<\/tr>\n<tr>\n<td>L<\/td>\n<td>35,5<\/td>\n<td>37<\/td>\n<\/tr>\n<tr>\n<td>XL<\/td>\n<td>36<\/td>\n<td>40<\/td>\n<\/tr>\n<\/tbody>\n<\/table>\n<p>&nbsp;<\/p>\n","protected":false},"excerpt":{"rendered":"<p>Tuotenumero 500404 Hihaton paita Basel \u2013 naisten urheilutoppi painettuna tai painamattomana Basel hihaton paita on laadukas naisten korkean tuen urheilutoppi, joka sopii erinomaisesti treeniin, urheiluun, tapahtumiin, yrityspaitoihin sek\u00e4 promootiotuotteisiin. Tuotteet myyd\u00e4\u00e4n sek\u00e4 painettuina ett\u00e4 painamattomina, joten voit tilata topit valmiiksi painettuna logolla, tekstill\u00e4 tai designilla tai vaihtoehtoisesti ilman painatusta omaan k\u00e4ytt\u00f6\u00f6n tai jatkopainatukseen. Topissa on [&hellip;]<\/p>\n","protected":false},"featured_media":14822,"template":"","meta":{"_acf_changed":false,"om_disable_all_campaigns":false,"_monsterinsights_skip_tracking":false,"_monsterinsights_sitenote_active":false,"_monsterinsights_sitenote_note":"","_monsterinsights_sitenote_category":0},"product_brand":[],"product_cat":[505],"product_tag":[600,298,544,603],"class_list":{"0":"post-14821","1":"product","2":"type-product","3":"status-publish","4":"has-post-thumbnail","6":"product_cat-rolytpaidat","7":"product_tag-hihaton-paita","8":"product_tag-painatus","9":"product_tag-paita-painatus","10":"product_tag-toppi","11":"product_shipping_class-postipaketti","13":"first","14":"instock","15":"taxable","16":"shipping-taxable","17":"purchasable","18":"product-type-simple"},"acf":[],"aioseo_notices":[],"_links":{"self":[{"href":"https:\/\/www.roly24.com\/index.php\/wp-json\/wp\/v2\/product\/14821","targetHints":{"allow":["GET"]}}],"collection":[{"href":"https:\/\/www.roly24.com\/index.php\/wp-json\/wp\/v2\/product"}],"about":[{"href":"https:\/\/www.roly24.com\/index.php\/wp-json\/wp\/v2\/types\/product"}],"version-history":[{"count":6,"href":"https:\/\/www.roly24.com\/index.php\/wp-json\/wp\/v2\/product\/14821\/revisions"}],"predecessor-version":[{"id":21895,"href":"https:\/\/www.roly24.com\/index.php\/wp-json\/wp\/v2\/product\/14821\/revisions\/21895"}],"wp:featuredmedia":[{"embeddable":true,"href":"https:\/\/www.roly24.com\/index.php\/wp-json\/wp\/v2\/media\/14822"}],"wp:attachment":[{"href":"https:\/\/www.roly24.com\/index.php\/wp-json\/wp\/v2\/media?parent=14821"}],"wp:term":[{"taxonomy":"product_brand","embeddable":true,"href":"https:\/\/www.roly24.com\/index.php\/wp-json\/wp\/v2\/product_brand?post=14821"},{"taxonomy":"product_cat","embeddable":true,"href":"https:\/\/www.roly24.com\/index.php\/wp-json\/wp\/v2\/product_cat?post=14821"},{"taxonomy":"product_tag","embeddable":true,"href":"https:\/\/www.roly24.com\/index.php\/wp-json\/wp\/v2\/product_tag?post=14821"}],"curies":[{"name":"wp","href":"https:\/\/api.w.org\/{rel}","templated":true}]}}