{"id":13894,"date":"2025-01-23T10:40:16","date_gmt":"2025-01-23T08:40:16","guid":{"rendered":"https:\/\/www.roly24.com\/?post_type=product&#038;p=13894"},"modified":"2026-03-13T11:04:25","modified_gmt":"2026-03-13T09:04:25","slug":"t-paita-braco","status":"publish","type":"product","link":"https:\/\/www.roly24.com\/index.php\/tuote\/t-paita-braco\/","title":{"rendered":"Tekninen unisex T-paita BRACO 180g\/m\u00b2 painettuna tai painamattomana"},"content":{"rendered":"<p><strong>Tuotenumero 500432<\/strong><\/p>\n<article class=\"text-token-text-primary w-full focus:outline-none [--shadow-height:45px] has-data-writing-block:pointer-events-none has-data-writing-block:-mt-(--shadow-height) has-data-writing-block:pt-(--shadow-height) [&amp;:has([data-writing-block])&gt;*]:pointer-events-auto scroll-mt-(--header-height)\" dir=\"auto\" tabindex=\"-1\" data-turn-id=\"b78155dd-8169-4846-8681-b69801d4bfd4\" data-testid=\"conversation-turn-85\" data-scroll-anchor=\"false\" data-turn=\"user\"><\/article>\n<article class=\"text-token-text-primary w-full focus:outline-none [--shadow-height:45px] has-data-writing-block:pointer-events-none has-data-writing-block:-mt-(--shadow-height) has-data-writing-block:pt-(--shadow-height) [&amp;:has([data-writing-block])&gt;*]:pointer-events-auto scroll-mt-[calc(var(--header-height)+min(200px,max(70px,20svh)))]\" dir=\"auto\" tabindex=\"-1\" data-turn-id=\"request-WEB:31a753ef-2533-435b-bbcc-9002d69ba02b-68\" data-testid=\"conversation-turn-86\" data-scroll-anchor=\"true\" data-turn=\"assistant\">\n<div class=\"text-base my-auto mx-auto pb-10 [--thread-content-margin:--spacing(4)] @w-sm\/main:[--thread-content-margin:--spacing(6)] @w-lg\/main:[--thread-content-margin:--spacing(16)] px-(--thread-content-margin)\">\n<div class=\"[--thread-content-max-width:40rem] @w-lg\/main:[--thread-content-max-width:48rem] mx-auto max-w-(--thread-content-max-width) flex-1 group\/turn-messages focus-visible:outline-hidden relative flex w-full min-w-0 flex-col agent-turn\" tabindex=\"-1\">\n<div class=\"flex max-w-full flex-col grow\">\n<div class=\"min-h-8 text-message relative flex w-full flex-col items-end gap-2 text-start break-words whitespace-normal [.text-message+&amp;]:mt-1\" dir=\"auto\" data-message-author-role=\"assistant\" data-message-id=\"d7acb1fd-acf1-4323-9b62-5470c2c7bbd9\" data-message-model-slug=\"gpt-5-3\">\n<div class=\"flex w-full flex-col gap-1 empty:hidden first:pt-[1px]\">\n<div class=\"markdown prose dark:prose-invert w-full wrap-break-word light markdown-new-styling\">\n<h2 data-start=\"0\" data-end=\"64\">T-Paita Braco \u2013 premium t-paita painettuna tai painamattomana<\/h2>\n<p data-start=\"66\" data-end=\"491\"><strong data-start=\"66\" data-end=\"83\">Braco t-paita<\/strong> on laadukas <strong data-start=\"96\" data-end=\"155\">lyhythihainen premium t-paita hienosta kampapuuvillasta<\/strong>, joka sopii erinomaisesti <strong data-start=\"182\" data-end=\"271\">painatukseen, yrityspaitoihin, promootiotuotteisiin, tapahtumiin sek\u00e4 j\u00e4lleenmyyntiin<\/strong>. Tuotteet myyd\u00e4\u00e4n <strong data-start=\"290\" data-end=\"330\">sek\u00e4 painettuina ett\u00e4 painamattomina<\/strong>, joten voit tilata paidat valmiiksi painettuina logolla, tekstill\u00e4 tai designilla tai vaihtoehtoisesti ilman painatusta omaa k\u00e4ytt\u00f6\u00e4 tai jatkopainatusta varten.<\/p>\n<p data-start=\"493\" data-end=\"849\">Paita on valmistettu <strong data-start=\"514\" data-end=\"572\">tiivistetyll\u00e4 viimeistelyll\u00e4 olevasta kampapuuvillasta<\/strong>, joka tekee kankaasta eritt\u00e4in pehme\u00e4n, kest\u00e4v\u00e4n ja laadukkaan. <strong data-start=\"637\" data-end=\"669\">4-kerroksinen py\u00f6re\u00e4 p\u00e4\u00e4ntie<\/strong> sek\u00e4 <strong data-start=\"675\" data-end=\"732\">vahvistetut peitetyt saumat kauluksessa ja olkap\u00e4iss\u00e4<\/strong> lis\u00e4\u00e4v\u00e4t k\u00e4ytt\u00f6mukavuutta ja pitk\u00e4ik\u00e4isyytt\u00e4. <strong data-start=\"779\" data-end=\"793\">Sivusaumat<\/strong> takaavat paremman istuvuuden ja viimeistellyn ulkon\u00e4\u00f6n.<\/p>\n<h3 data-start=\"851\" data-end=\"867\">Ominaisuudet<\/h3>\n<p data-start=\"868\" data-end=\"1230\">Lyhythihainen premium t-paita \u2022 <strong data-start=\"900\" data-end=\"952\">Kampapuuvillakangas tiivistetyll\u00e4 viimeistelyll\u00e4<\/strong> \u2022 <strong data-start=\"955\" data-end=\"987\">4-kerroksinen py\u00f6re\u00e4 p\u00e4\u00e4ntie<\/strong> \u2022 Vahvistetut peitetyt saumat kauluksessa ja olkap\u00e4iss\u00e4 \u2022 Sivusaumat \u2022 Pehme\u00e4 ja kest\u00e4v\u00e4 kangas \u2022 <strong data-start=\"1086\" data-end=\"1110\">Irrotettava etiketti<\/strong> (sopii j\u00e4lleenmyyntiin ja omaan br\u00e4nd\u00e4ykseen) \u2022 Erinomainen painatuspinta \u2022 <strong data-start=\"1187\" data-end=\"1230\">Saatavana painettuna tai painamattomana<\/strong><\/p>\n<h3 data-start=\"1232\" data-end=\"1246\">Materiaali<\/h3>\n<p data-start=\"1247\" data-end=\"1298\"><strong data-start=\"1247\" data-end=\"1298\">100 % kampapuuvillaa \u2022 Single Jersey \u2022 180 g\/m\u00b2<\/strong><\/p>\n<p data-start=\"1300\" data-end=\"1354\">Heather Grey 58:<br data-start=\"1316\" data-end=\"1319\" \/><strong data-start=\"1319\" data-end=\"1354\">85 % puuvillaa \/ 15 % viskoosia<\/strong><\/p>\n<p data-start=\"1356\" data-end=\"1473\">Paksumpi premium-kangas tekee paidasta eritt\u00e4in miellytt\u00e4v\u00e4n k\u00e4ytt\u00e4\u00e4 ja hyvin soveltuvan <strong data-start=\"1445\" data-end=\"1472\">t-paitojen painatukseen<\/strong>.<\/p>\n<h3 data-start=\"1475\" data-end=\"1483\">Koot<\/h3>\n<p data-start=\"1484\" data-end=\"1520\">Saatavana laajassa kokovalikoimassa.<\/p>\n<p data-start=\"1522\" data-end=\"1572\"><strong data-start=\"1522\" data-end=\"1555\">4XL ja 5XL saatavana v\u00e4riss\u00e4:<\/strong><br data-start=\"1555\" data-end=\"1558\" \/>valkoinen (01)<\/p>\n<h3 data-start=\"1574\" data-end=\"1591\">K\u00e4ytt\u00f6kohteet<\/h3>\n<p data-start=\"1592\" data-end=\"1754\">Sopii hyvin esimerkiksi:<br data-start=\"1616\" data-end=\"1619\" \/>yrityspaitoihin \u2022 promootiotuotteisiin \u2022 ty\u00f6paitoihin \u2022 tapahtumapaitoihin \u2022 br\u00e4ndituotteisiin \u2022 verkkokauppamyyntiin \u2022 j\u00e4lleenmyyntiin<\/p>\n<h3 data-start=\"1756\" data-end=\"1798\">Tuotteet painettuna tai painamattomana<\/h3>\n<p data-start=\"1799\" data-end=\"1947\">Voit tilata Braco paidat <strong data-start=\"1824\" data-end=\"1842\">painamattomina<\/strong> omaa painotuotantoa varten tai <strong data-start=\"1874\" data-end=\"1899\">valmiiksi painettuina<\/strong> esimerkiksi logolla, tekstill\u00e4 tai grafiikalla.<\/p>\n<p data-start=\"1949\" data-end=\"2046\">Mahdolliset painatusmenetelm\u00e4t:<br data-start=\"1980\" data-end=\"1983\" \/><strong data-start=\"1983\" data-end=\"2046\">DTF-painatus \u2022 silkkipainatus \u2022 siirtopainatus \u2022 brodeeraus<\/strong><\/p>\n<h3 data-start=\"2048\" data-end=\"2080\">Suuret er\u00e4t ja j\u00e4lleenmyyj\u00e4t<\/h3>\n<p data-start=\"2081\" data-end=\"2304\">Toimitamme <strong data-start=\"2092\" data-end=\"2126\">suuremmat er\u00e4t tarjouspohjalta<\/strong> esimerkiksi j\u00e4lleenmyyjille, painotaloille, yrityksille, yhdistyksille ja tapahtumaj\u00e4rjest\u00e4jille. Tuotteet voidaan toimittaa <strong data-start=\"2252\" data-end=\"2286\">painettuina tai painamattomina<\/strong> tilauksen mukaan.<\/p>\n<p data-start=\"2306\" data-end=\"2346\">\ud83d\udce9 <strong data-start=\"2309\" data-end=\"2346\">Pyyd\u00e4 tarjous suuremmista erist\u00e4.<\/strong><\/p>\n<h3 data-start=\"2348\" data-end=\"2382\">FAQ \u2013 Usein kysytyt kysymykset<\/h3>\n<p data-start=\"2384\" data-end=\"2529\"><strong data-start=\"2384\" data-end=\"2427\">Voiko Braco t-paidan tilata painettuna?<\/strong><br data-start=\"2427\" data-end=\"2430\" \/>Kyll\u00e4. Paidat voidaan toimittaa <strong data-start=\"2462\" data-end=\"2528\">valmiiksi painettuina omalla logolla, tekstill\u00e4 tai designilla<\/strong>.<\/p>\n<p data-start=\"2531\" data-end=\"2642\"><strong data-start=\"2531\" data-end=\"2574\">Voiko t-paidan tilata ilman painatusta?<\/strong><br data-start=\"2574\" data-end=\"2577\" \/>Kyll\u00e4. Tuotteet myyd\u00e4\u00e4n <strong data-start=\"2601\" data-end=\"2641\">sek\u00e4 painettuina ett\u00e4 painamattomina<\/strong>.<\/p>\n<p data-start=\"2644\" data-end=\"2801\"><strong data-start=\"2644\" data-end=\"2685\">Onko Braco t-paita hyv\u00e4 painatukseen?<\/strong><br data-start=\"2685\" data-end=\"2688\" \/>Kyll\u00e4. Laadukas <strong data-start=\"2704\" data-end=\"2736\">180 g\/m\u00b2 kampapuuvillakangas<\/strong> soveltuu erinomaisesti DTF-, silkkipaino- ja siirtopainatukseen.<\/p>\n<p data-start=\"2803\" data-end=\"2979\"><strong data-start=\"2803\" data-end=\"2835\">Mit\u00e4 materiaalia t-paita on?<\/strong><br data-start=\"2835\" data-end=\"2838\" \/>T-paita on valmistettu <strong data-start=\"2861\" data-end=\"2912\">100 % kampapuuvillasta (180 g\/m\u00b2 single jersey)<\/strong>. Heather Grey -v\u00e4ri sis\u00e4lt\u00e4\u00e4 <strong data-start=\"2942\" data-end=\"2978\">85 % puuvillaa ja 15 % viskoosia<\/strong>.<\/p>\n<p data-start=\"2981\" data-end=\"3070\"><strong data-start=\"2981\" data-end=\"3014\">Onko saatavana suuria kokoja?<\/strong><br data-start=\"3014\" data-end=\"3017\" \/>Kyll\u00e4. <strong data-start=\"3024\" data-end=\"3038\">4XL ja 5XL<\/strong> ovat saatavana valkoisena (01).<\/p>\n<p data-start=\"3072\" data-end=\"3222\"><strong data-start=\"3072\" data-end=\"3106\">Sopiiko paita j\u00e4lleenmyyntiin?<\/strong><br data-start=\"3106\" data-end=\"3109\" \/>Kyll\u00e4. <strong data-start=\"3116\" data-end=\"3140\">Irrotettava etiketti<\/strong> mahdollistaa oman br\u00e4ndin lis\u00e4\u00e4misen ja tekee tuotteesta sopivan j\u00e4lleenmyyntiin.<\/p>\n<\/div>\n<\/div>\n<\/div>\n<\/div>\n<\/div>\n<\/div>\n<\/article>\n<p><img decoding=\"async\" class=\"mr-1 grey\" title=\"40\u00ba pesu max\" src=\"https:\/\/static.gorfactory.es\/images\/icons\/20221116171353_Lavar-40-max.png\" alt=\"40\u00ba pesu max\" width=\"40\" height=\"40\" data-v-6089ed0a=\"\" data-v-00b2e954=\"\" \/><img decoding=\"async\" class=\"mr-1 grey\" title=\"\u00c4l\u00e4 valkaise\" src=\"https:\/\/static.gorfactory.es\/images\/icons\/20220914110315_No%20usar%20blanqueador.png\" alt=\"\u00c4l\u00e4 valkaise\" width=\"40\" height=\"40\" data-v-6089ed0a=\"\" data-v-00b2e954=\"\" \/><img decoding=\"async\" class=\"mr-1 grey\" title=\"\u00c4l\u00e4 rumpukuivaa\" src=\"https:\/\/static.gorfactory.es\/images\/icons\/20220914110302_No%20secar%20en%20secadora.png\" alt=\"\u00c4l\u00e4 rumpukuivaa\" width=\"40\" height=\"40\" data-v-6089ed0a=\"\" data-v-00b2e954=\"\" \/><img loading=\"lazy\" decoding=\"async\" class=\"mr-1 grey\" title=\"Silitys keskil\u00e4mp\u00f6tilassa (max. 150\u00ba)\" src=\"https:\/\/static.gorfactory.es\/images\/icons\/20221110105823_Planchar-Max%20150.png\" alt=\"Silitys keskil\u00e4mp\u00f6tilassa (max. 150\u00ba)\" width=\"40\" height=\"40\" data-v-6089ed0a=\"\" data-v-00b2e954=\"\" \/><img loading=\"lazy\" decoding=\"async\" class=\"mr-1 grey\" title=\"\u00c4l\u00e4 kuivapesua\" src=\"https:\/\/static.gorfactory.es\/images\/icons\/20220914110151_No%20lavar%20en%20seco.png\" alt=\"\u00c4l\u00e4 kuivapesua\" width=\"40\" height=\"40\" data-v-6089ed0a=\"\" data-v-00b2e954=\"\" \/><\/p>\n<p><strong>Mittausohjeet:<\/strong><br \/>\n<strong>Leveys: Tuotteen reunasta reunaan 2cm hihojen alapuolelta.<\/strong><br \/>\n<strong>Pituus: Olkap\u00e4\u00e4n korkeimmasta kohdasta tuotteen\u00a0alareunaan.<\/strong><\/p>\n<table id=\"size_chart\" class=\"table table-responsive\" style=\"height: 265px;\" width=\"203\" cellspacing=\"0\" cellpadding=\"0\">\n<tbody>\n<tr>\n<th>Koko<\/th>\n<th><img decoding=\"async\" src=\"https:\/\/wordans-a1a5.kxcdn.com\/images\/wordans2010\/length.png\" alt=\"Length\" \/>\u00a0<label id=\"lengthLabel\">Pituus<\/label><\/th>\n<th><img decoding=\"async\" src=\"https:\/\/wordans-a1a5.kxcdn.com\/images\/wordans2010\/width.png\" alt=\"Width\" \/>\u00a0<label id=\"widthLabel\">Leveys<\/label><\/th>\n<\/tr>\n<tr>\n<td>S<\/td>\n<td>69<\/td>\n<td>49<\/td>\n<\/tr>\n<tr>\n<td>M<\/td>\n<td>71<\/td>\n<td>52<\/td>\n<\/tr>\n<tr>\n<td>L<\/td>\n<td>73<\/td>\n<td>55<\/td>\n<\/tr>\n<tr>\n<td>XL<\/td>\n<td>75<\/td>\n<td>58<\/td>\n<\/tr>\n<tr>\n<td>2XL<\/td>\n<td>77<\/td>\n<td>62<\/td>\n<\/tr>\n<tr>\n<td>3XL<\/td>\n<td>79<\/td>\n<td>66<\/td>\n<\/tr>\n<tr>\n<td>4XL<\/td>\n<td>81<\/td>\n<td>70<\/td>\n<\/tr>\n<tr>\n<td>5XL<\/td>\n<td>83<\/td>\n<td>74<\/td>\n<\/tr>\n<\/tbody>\n<\/table>\n<p>&nbsp;<\/p>\n","protected":false},"excerpt":{"rendered":"<p>Tuotenumero 500432 T-Paita Braco \u2013 premium t-paita painettuna tai painamattomana Braco t-paita on laadukas lyhythihainen premium t-paita hienosta kampapuuvillasta, joka sopii erinomaisesti painatukseen, yrityspaitoihin, promootiotuotteisiin, tapahtumiin sek\u00e4 j\u00e4lleenmyyntiin. Tuotteet myyd\u00e4\u00e4n sek\u00e4 painettuina ett\u00e4 painamattomina, joten voit tilata paidat valmiiksi painettuina logolla, tekstill\u00e4 tai designilla tai vaihtoehtoisesti ilman painatusta omaa k\u00e4ytt\u00f6\u00e4 tai jatkopainatusta varten. Paita on [&hellip;]<\/p>\n","protected":false},"featured_media":14651,"template":"","meta":{"_acf_changed":false,"om_disable_all_campaigns":false,"_monsterinsights_skip_tracking":false,"_monsterinsights_sitenote_active":false,"_monsterinsights_sitenote_note":"","_monsterinsights_sitenote_category":0},"product_brand":[],"product_cat":[505],"product_tag":[298,544,425],"class_list":{"0":"post-13894","1":"product","2":"type-product","3":"status-publish","4":"has-post-thumbnail","6":"product_cat-rolytpaidat","7":"product_tag-painatus","8":"product_tag-paita-painatus","9":"product_tag-t-paita","10":"product_shipping_class-postipaketti","12":"first","13":"instock","14":"taxable","15":"shipping-taxable","16":"purchasable","17":"product-type-simple"},"acf":[],"aioseo_notices":[],"_links":{"self":[{"href":"https:\/\/www.roly24.com\/index.php\/wp-json\/wp\/v2\/product\/13894","targetHints":{"allow":["GET"]}}],"collection":[{"href":"https:\/\/www.roly24.com\/index.php\/wp-json\/wp\/v2\/product"}],"about":[{"href":"https:\/\/www.roly24.com\/index.php\/wp-json\/wp\/v2\/types\/product"}],"version-history":[{"count":3,"href":"https:\/\/www.roly24.com\/index.php\/wp-json\/wp\/v2\/product\/13894\/revisions"}],"predecessor-version":[{"id":21824,"href":"https:\/\/www.roly24.com\/index.php\/wp-json\/wp\/v2\/product\/13894\/revisions\/21824"}],"wp:featuredmedia":[{"embeddable":true,"href":"https:\/\/www.roly24.com\/index.php\/wp-json\/wp\/v2\/media\/14651"}],"wp:attachment":[{"href":"https:\/\/www.roly24.com\/index.php\/wp-json\/wp\/v2\/media?parent=13894"}],"wp:term":[{"taxonomy":"product_brand","embeddable":true,"href":"https:\/\/www.roly24.com\/index.php\/wp-json\/wp\/v2\/product_brand?post=13894"},{"taxonomy":"product_cat","embeddable":true,"href":"https:\/\/www.roly24.com\/index.php\/wp-json\/wp\/v2\/product_cat?post=13894"},{"taxonomy":"product_tag","embeddable":true,"href":"https:\/\/www.roly24.com\/index.php\/wp-json\/wp\/v2\/product_tag?post=13894"}],"curies":[{"name":"wp","href":"https:\/\/api.w.org\/{rel}","templated":true}]}}