{"id":12065,"date":"2024-06-24T12:13:05","date_gmt":"2024-06-24T10:13:05","guid":{"rendered":"https:\/\/www.roly24.com\/?post_type=product&#038;p=12065"},"modified":"2025-05-28T14:18:54","modified_gmt":"2025-05-28T12:18:54","slug":"fleece-takki-himalaya100-mikrofleecepolyesteria-155-gsmkappalehinta-alkaen","status":"publish","type":"product","link":"https:\/\/www.roly24.com\/index.php\/tuote\/fleece-takki-himalaya100-mikrofleecepolyesteria-155-gsmkappalehinta-alkaen\/","title":{"rendered":"Fleece takki Himalaya &#8211; Kappalehinta alkaen"},"content":{"rendered":"<p><strong>Tuotenumero 301201<\/strong><\/p>\n<p>Mikrofleece puolivetoketjulla niskassa ja leukasuojassa. Hihansuissa yhteensopiva joustava reunus.<\/p>\n<p class=\"composition-text\" data-v-058e9dfd=\"\">Materiaali: 100 % microfleece polyesteri, 155 gsm.<\/p>\n<p class=\"observation-text\" data-v-058e9dfd=\"\">* Irrotettava etiketti.<br \/>\n*Duo-konsepti.<br \/>\n* Saatavilla lasten kokoja.<\/p>\n<p>&nbsp;<\/p>\n<div data-v-5ec54137=\"\"><img decoding=\"async\" class=\"mr-1 grey\" title=\"\u00c4l\u00e4 silit\u00e4\" src=\"https:\/\/static.gorfactory.es\/images\/icons\/20220914110249_No%20planchar.png\" alt=\"\u00c4l\u00e4 silit\u00e4\" width=\"40\" height=\"40\" data-v-6089ed0a=\"\" data-v-058e9dfd=\"\" \/><img decoding=\"async\" class=\"mr-1 grey\" title=\"\u00c4l\u00e4 kuivapuhdista\" src=\"https:\/\/static.gorfactory.es\/images\/icons\/20220914110151_No%20lavar%20en%20seco.png\" alt=\"\u00c4l\u00e4 kuivapuhdista\" width=\"40\" height=\"40\" data-v-6089ed0a=\"\" data-v-058e9dfd=\"\" \/><img decoding=\"async\" class=\"mr-1 grey\" title=\"Ei rumpukuivausta\" src=\"https:\/\/static.gorfactory.es\/images\/icons\/20220914110302_No%20secar%20en%20secadora.png\" alt=\"Ei rumpukuivausta\" width=\"40\" height=\"40\" data-v-6089ed0a=\"\" data-v-058e9dfd=\"\" \/><img loading=\"lazy\" decoding=\"async\" class=\"mr-1 grey\" title=\"40\u00ba pesu max\" src=\"https:\/\/static.gorfactory.es\/images\/icons\/20221116171353_Lavar-40-max.png\" alt=\"40\u00ba pesu max\" width=\"40\" height=\"40\" data-v-6089ed0a=\"\" data-v-058e9dfd=\"\" \/><img loading=\"lazy\" decoding=\"async\" class=\"mr-1 grey\" title=\"Ei saa valkaista\" src=\"https:\/\/static.gorfactory.es\/images\/icons\/20220914110315_No%20usar%20blanqueador.png\" alt=\"Ei saa valkaista\" width=\"40\" height=\"40\" data-v-6089ed0a=\"\" data-v-058e9dfd=\"\" \/><\/div>\n<div data-v-5ec54137=\"\"><\/div>\n<div data-v-5ec54137=\"\"><\/div>\n<table id=\"size_chart\" class=\"table table-responsive\" style=\"height: 265px;\" width=\"203\" cellspacing=\"0\" cellpadding=\"0\">\n<tbody>\n<tr>\n<th>Koko<\/th>\n<th><img decoding=\"async\" src=\"https:\/\/wordans-a1a5.kxcdn.com\/images\/wordans2010\/length.png\" alt=\"Length\" \/>\u00a0<label id=\"lengthLabel\">Pituus<\/label><\/th>\n<th><img decoding=\"async\" src=\"https:\/\/wordans-a1a5.kxcdn.com\/images\/wordans2010\/width.png\" alt=\"Width\" \/>\u00a0<label id=\"widthLabel\">Leveys<\/label><\/th>\n<\/tr>\n<tr>\n<td>S<\/td>\n<td>69<\/td>\n<td>50<\/td>\n<\/tr>\n<tr>\n<td>M<\/td>\n<td>71<\/td>\n<td>53<\/td>\n<\/tr>\n<tr>\n<td>L<\/td>\n<td>73<\/td>\n<td>56<\/td>\n<\/tr>\n<tr>\n<td>XL<\/td>\n<td>75<\/td>\n<td>59<\/td>\n<\/tr>\n<tr>\n<td>2XL<\/td>\n<td>77<\/td>\n<td>62<\/td>\n<\/tr>\n<tr>\n<td>3XL<\/td>\n<td>&#8211;<\/td>\n<td>&#8211;<\/td>\n<\/tr>\n<tr>\n<td>4XL<\/td>\n<td>&#8211;<\/td>\n<td>&#8211;<\/td>\n<\/tr>\n<tr>\n<td>5XL<\/td>\n<td>&#8211;<\/td>\n<td>&#8211;<\/td>\n<\/tr>\n<\/tbody>\n<\/table>\n<p>&nbsp;<\/p>\n","protected":false},"excerpt":{"rendered":"<p>Tuotenumero 301201 Mikrofleece puolivetoketjulla niskassa ja leukasuojassa. Hihansuissa yhteensopiva joustava reunus. Materiaali: 100 % microfleece polyesteri, 155 gsm. * Irrotettava etiketti. *Duo-konsepti. * Saatavilla lasten kokoja. &nbsp; Koko \u00a0Pituus \u00a0Leveys S 69 50 M 71 53 L 73 56 XL 75 59 2XL 77 62 3XL &#8211; &#8211; 4XL &#8211; &#8211; 5XL &#8211; &#8211; &nbsp;<\/p>\n","protected":false},"featured_media":12066,"template":"","meta":{"_acf_changed":false,"om_disable_all_campaigns":false,"_monsterinsights_skip_tracking":false,"_monsterinsights_sitenote_active":false,"_monsterinsights_sitenote_note":"","_monsterinsights_sitenote_category":0},"product_brand":[],"product_cat":[352],"product_tag":[453,455,298,439,440],"class_list":{"0":"post-12065","1":"product","2":"type-product","3":"status-publish","4":"has-post-thumbnail","6":"product_cat-fleecetakit","7":"product_tag-fleece","8":"product_tag-fleecetakki","9":"product_tag-painatus","10":"product_tag-takki","11":"product_tag-takki-painatuksella","12":"product_shipping_class-postipaketti","14":"first","15":"instock","16":"taxable","17":"shipping-taxable","18":"purchasable","19":"product-type-simple"},"acf":[],"aioseo_notices":[],"_links":{"self":[{"href":"https:\/\/www.roly24.com\/index.php\/wp-json\/wp\/v2\/product\/12065","targetHints":{"allow":["GET"]}}],"collection":[{"href":"https:\/\/www.roly24.com\/index.php\/wp-json\/wp\/v2\/product"}],"about":[{"href":"https:\/\/www.roly24.com\/index.php\/wp-json\/wp\/v2\/types\/product"}],"version-history":[{"count":0,"href":"https:\/\/www.roly24.com\/index.php\/wp-json\/wp\/v2\/product\/12065\/revisions"}],"wp:featuredmedia":[{"embeddable":true,"href":"https:\/\/www.roly24.com\/index.php\/wp-json\/wp\/v2\/media\/12066"}],"wp:attachment":[{"href":"https:\/\/www.roly24.com\/index.php\/wp-json\/wp\/v2\/media?parent=12065"}],"wp:term":[{"taxonomy":"product_brand","embeddable":true,"href":"https:\/\/www.roly24.com\/index.php\/wp-json\/wp\/v2\/product_brand?post=12065"},{"taxonomy":"product_cat","embeddable":true,"href":"https:\/\/www.roly24.com\/index.php\/wp-json\/wp\/v2\/product_cat?post=12065"},{"taxonomy":"product_tag","embeddable":true,"href":"https:\/\/www.roly24.com\/index.php\/wp-json\/wp\/v2\/product_tag?post=12065"}],"curies":[{"name":"wp","href":"https:\/\/api.w.org\/{rel}","templated":true}]}}