{"id":11506,"date":"2024-05-13T07:11:10","date_gmt":"2024-05-13T05:11:10","guid":{"rendered":"https:\/\/www.roly24.com\/?post_type=product&#038;p=11506"},"modified":"2026-03-14T11:13:17","modified_gmt":"2026-03-14T09:13:17","slug":"t-paita-austral","status":"publish","type":"product","link":"https:\/\/www.roly24.com\/index.php\/tuote\/t-paita-austral\/","title":{"rendered":"lyhythihainen Pikeepaita AUSTRAL 180g\/m\u00b2 painettuna tai painamattomana"},"content":{"rendered":"<p><strong>Tuotenumero 500318<\/strong><\/p>\n<div class=\"relative basis-auto flex-col -mb-(--composer-overlap-px) [--composer-overlap-px:28px] grow flex\">\n<div class=\"flex flex-col text-sm pb-25\">\n<article class=\"text-token-text-primary w-full focus:outline-none [--shadow-height:45px] has-data-writing-block:pointer-events-none has-data-writing-block:-mt-(--shadow-height) has-data-writing-block:pt-(--shadow-height) [&amp;:has([data-writing-block])&gt;*]:pointer-events-auto scroll-mt-[calc(var(--header-height)+min(200px,max(70px,20svh)))]\" dir=\"auto\" tabindex=\"-1\" data-turn-id=\"request-WEB:0f7b24a8-39fd-40ff-811e-6cfb5bd17dc4-53\" data-testid=\"conversation-turn-86\" data-scroll-anchor=\"true\" data-turn=\"assistant\">\n<div class=\"text-base my-auto mx-auto pb-10 [--thread-content-margin:var(--thread-content-margin-xs,calc(var(--spacing)*4))] @w-sm\/main:[--thread-content-margin:var(--thread-content-margin-sm,calc(var(--spacing)*6))] @w-lg\/main:[--thread-content-margin:var(--thread-content-margin-lg,calc(var(--spacing)*16))] px-(--thread-content-margin)\">\n<div class=\"[--thread-content-max-width:40rem] @w-lg\/main:[--thread-content-max-width:48rem] mx-auto max-w-(--thread-content-max-width) flex-1 group\/turn-messages focus-visible:outline-hidden relative flex w-full min-w-0 flex-col agent-turn\" tabindex=\"-1\">\n<div class=\"flex max-w-full flex-col gap-4 grow\">\n<div class=\"min-h-8 text-message relative flex w-full flex-col items-end gap-2 text-start break-words whitespace-normal [.text-message+&amp;]:mt-1\" dir=\"auto\" data-message-author-role=\"assistant\" data-message-id=\"2137f0c8-a93d-49af-8bf3-2d24103b6d3e\" data-message-model-slug=\"gpt-5-3\">\n<div class=\"flex w-full flex-col gap-1 empty:hidden\">\n<div class=\"markdown prose dark:prose-invert w-full wrap-break-word light markdown-new-styling\">\n<div class=\"relative basis-auto flex-col -mb-(--composer-overlap-px) [--composer-overlap-px:28px] grow flex\">\n<div class=\"flex flex-col text-sm pb-25\">\n<article class=\"text-token-text-primary w-full focus:outline-none [--shadow-height:45px] has-data-writing-block:pointer-events-none has-data-writing-block:-mt-(--shadow-height) has-data-writing-block:pt-(--shadow-height) [&amp;:has([data-writing-block])&gt;*]:pointer-events-auto scroll-mt-[calc(var(--header-height)+min(200px,max(70px,20svh)))]\" dir=\"auto\" tabindex=\"-1\" data-turn-id=\"request-WEB:0f7b24a8-39fd-40ff-811e-6cfb5bd17dc4-54\" data-testid=\"conversation-turn-88\" data-scroll-anchor=\"true\" data-turn=\"assistant\">\n<div class=\"text-base my-auto mx-auto pb-10 [--thread-content-margin:var(--thread-content-margin-xs,calc(var(--spacing)*4))] @w-sm\/main:[--thread-content-margin:var(--thread-content-margin-sm,calc(var(--spacing)*6))] @w-lg\/main:[--thread-content-margin:var(--thread-content-margin-lg,calc(var(--spacing)*16))] px-(--thread-content-margin)\">\n<div class=\"[--thread-content-max-width:40rem] @w-lg\/main:[--thread-content-max-width:48rem] mx-auto max-w-(--thread-content-max-width) flex-1 group\/turn-messages focus-visible:outline-hidden relative flex w-full min-w-0 flex-col agent-turn\" tabindex=\"-1\">\n<div class=\"flex max-w-full flex-col gap-4 grow\">\n<div class=\"min-h-8 text-message relative flex w-full flex-col items-end gap-2 text-start break-words whitespace-normal [.text-message+&amp;]:mt-1\" dir=\"auto\" data-message-author-role=\"assistant\" data-message-id=\"27848178-ad75-4b08-94c9-6eed38885c67\" data-message-model-slug=\"gpt-5-3\">\n<div class=\"flex w-full flex-col gap-1 empty:hidden\">\n<div class=\"markdown prose dark:prose-invert w-full wrap-break-word light markdown-new-styling\">\n<p data-start=\"0\" data-end=\"71\"><strong data-start=\"0\" data-end=\"71\">Pikeepaita Austral \u2013 lyhythihainen puuvillainen pikeepaita | Roly24<\/strong><\/p>\n<p data-start=\"73\" data-end=\"316\">Austral on <strong data-start=\"84\" data-end=\"122\">klassinen lyhythihainen pikeepaita<\/strong>, joka sopii erinomaisesti <strong data-start=\"149\" data-end=\"215\">ty\u00f6vaatteeksi, yritysvaatteeksi, vapaa-aikaan sek\u00e4 tapahtumiin<\/strong>. Ajaton malli ja laadukas puuvillapikee tekev\u00e4t paidasta mukavan ja kest\u00e4v\u00e4n p\u00e4ivitt\u00e4iseen k\u00e4ytt\u00f6\u00f6n.<\/p>\n<p data-start=\"318\" data-end=\"570\">Pikeepaidassa on <strong data-start=\"335\" data-end=\"414\">3-nappilista, 1\u00d71-resorikaulus sek\u00e4 vahvistetut peitetyt saumat kauluksessa<\/strong>, jotka lis\u00e4\u00e4v\u00e4t k\u00e4ytt\u00f6mukavuutta ja kest\u00e4vyytt\u00e4. Paita soveltuu hyvin my\u00f6s <strong data-start=\"490\" data-end=\"567\">logopainatukseen tai brodeeraukseen yrityksille, seuroille ja tapahtumiin<\/strong>.<\/p>\n<p data-start=\"572\" data-end=\"706\">Tuote on <strong data-start=\"581\" data-end=\"624\">saatavana painettuna tai painamattomana<\/strong>, joten se sopii hyvin <strong data-start=\"647\" data-end=\"705\">yrityksille, seuroille, tapahtumiin ja j\u00e4lleenmyyjille<\/strong>.<\/p>\n<h2 data-section-id=\"14dkvgu\" data-start=\"708\" data-end=\"723\">Ominaisuudet<\/h2>\n<p data-start=\"725\" data-end=\"889\">\u2022 Klassinen lyhythihainen pikeepaita<br data-start=\"761\" data-end=\"764\" \/>\u2022 3-nappilista edess\u00e4<br data-start=\"785\" data-end=\"788\" \/>\u2022 1\u00d71-resorikaulus<br data-start=\"806\" data-end=\"809\" \/>\u2022 Vahvistetut peitetyt saumat kauluksessa<br data-start=\"850\" data-end=\"853\" \/>\u2022 Mukava ja hengitt\u00e4v\u00e4 pikeekangas<\/p>\n<h2 data-section-id=\"1yf6ifa\" data-start=\"891\" data-end=\"904\">Materiaali<\/h2>\n<p data-start=\"906\" data-end=\"945\"><strong data-start=\"906\" data-end=\"921\">Materiaali:<\/strong> 100 % puuvilla, pikee<\/p>\n<p data-start=\"947\" data-end=\"968\"><strong data-start=\"947\" data-end=\"957\">Paino:<\/strong> 180 g\/m\u00b2<\/p>\n<p data-start=\"970\" data-end=\"1084\">Puuvillainen pikeekangas on <strong data-start=\"998\" data-end=\"1031\">hengitt\u00e4v\u00e4, pehme\u00e4 ja kest\u00e4v\u00e4<\/strong>, mik\u00e4 tekee paidasta mukavan p\u00e4ivitt\u00e4iseen k\u00e4ytt\u00f6\u00f6n.<\/p>\n<h2 data-section-id=\"1izbzca\" data-start=\"1086\" data-end=\"1114\">Mahdolliset merkkaustavat<\/h2>\n<p data-start=\"1116\" data-end=\"1211\"><strong data-start=\"1116\" data-end=\"1129\">Painatus:<\/strong> Tuote painetaan DTF-painatuksella.<br data-start=\"1164\" data-end=\"1167\" \/><strong data-start=\"1167\" data-end=\"1182\">Brodeeraus:<\/strong> Saatavilla tarjouspyynn\u00f6ll\u00e4.<\/p>\n<h2 data-section-id=\"wipf49\" data-start=\"1213\" data-end=\"1229\">K\u00e4ytt\u00f6kohteet<\/h2>\n<p data-start=\"1231\" data-end=\"1353\">\u2022 yritys- ja ty\u00f6vaatteet<br data-start=\"1255\" data-end=\"1258\" \/>\u2022 tapahtumat ja kampanjat<br data-start=\"1283\" data-end=\"1286\" \/>\u2022 urheiluseurat ja yhdistykset<br data-start=\"1316\" data-end=\"1319\" \/>\u2022 vapaa-aika ja arkipukeutuminen<\/p>\n<h2 data-section-id=\"m4e5ur\" data-start=\"1355\" data-end=\"1370\">Toimitusaika<\/h2>\n<p data-start=\"1372\" data-end=\"1489\">Arvioitu toimitusaika <strong data-start=\"1394\" data-end=\"1411\">noin 1 viikko<\/strong>.<br data-start=\"1412\" data-end=\"1415\" \/>Toimitusaika voi vaihdella tilausm\u00e4\u00e4r\u00e4n ja mahdollisen painatuksen mukaan.<\/p>\n<h2 data-section-id=\"1hryhf7\" data-start=\"1491\" data-end=\"1497\">FAQ<\/h2>\n<p data-start=\"1499\" data-end=\"1623\"><strong data-start=\"1499\" data-end=\"1547\">Voiko Austral pikeepaidan tilata painettuna?<\/strong><br data-start=\"1547\" data-end=\"1550\" \/>Kyll\u00e4. Paitaan voidaan painaa esimerkiksi <strong data-start=\"1592\" data-end=\"1622\">logo, teksti tai grafiikka<\/strong>.<\/p>\n<p data-start=\"1625\" data-end=\"1735\"><strong data-start=\"1625\" data-end=\"1668\">Voiko tuotteen tilata ilman painatusta?<\/strong><br data-start=\"1668\" data-end=\"1671\" \/>Kyll\u00e4, Austral pikeepaita on saatavilla my\u00f6s <strong data-start=\"1716\" data-end=\"1734\">painamattomana<\/strong>.<\/p>\n<p data-start=\"1737\" data-end=\"1874\"><strong data-start=\"1737\" data-end=\"1787\">Mist\u00e4 materiaalista pikeepaita on valmistettu?<\/strong><br data-start=\"1787\" data-end=\"1790\" \/>Paita on valmistettu <strong data-start=\"1811\" data-end=\"1832\">100 % puuvillasta<\/strong>, joka on hengitt\u00e4v\u00e4 ja mukava materiaali.<\/p>\n<p data-start=\"1876\" data-end=\"2025\" data-is-last-node=\"\" data-is-only-node=\"\"><strong data-start=\"1876\" data-end=\"1911\">Sopiiko paita yritysvaatteeksi?<\/strong><br data-start=\"1911\" data-end=\"1914\" \/>Kyll\u00e4. Austral pikeepaita sopii erinomaisesti <strong data-start=\"1960\" data-end=\"2024\">yrityksen ty\u00f6vaatteeksi, logovaatteeksi ja tapahtumak\u00e4ytt\u00f6\u00f6n<\/strong>.<\/p>\n<\/div>\n<\/div>\n<\/div>\n<\/div>\n<div class=\"z-0 flex min-h-[46px] justify-start\"><\/div>\n<div class=\"mt-3 w-full empty:hidden\">\n<div class=\"text-center\"><\/div>\n<\/div>\n<\/div>\n<\/div>\n<\/article>\n<\/div>\n<div class=\"pointer-events-none h-px w-px absolute bottom-0\" aria-hidden=\"true\" data-edge=\"true\"><\/div>\n<\/div>\n<div id=\"thread-bottom-container\" class=\"sticky bottom-0 group\/thread-bottom-container relative isolate z-10 w-full basis-auto has-data-has-thread-error:pt-2 has-data-has-thread-error:[box-shadow:var(--sharp-edge-bottom-shadow)] md:border-transparent md:pt-0 dark:border-white\/20 md:dark:border-transparent print:hidden content-fade single-line flex flex-col\">\n<div class=\"relative h-0\"><\/div>\n<div id=\"thread-bottom\">\n<div>\n<div class=\"text-base mx-auto [--thread-content-margin:var(--thread-content-margin-xs,calc(var(--spacing)*4))] @w-sm\/main:[--thread-content-margin:var(--thread-content-margin-sm,calc(var(--spacing)*6))] @w-lg\/main:[--thread-content-margin:var(--thread-content-margin-lg,calc(var(--spacing)*16))] px-(--thread-content-margin)\">\n<div class=\"[--thread-content-max-width:40rem] @w-lg\/main:[--thread-content-max-width:48rem] mx-auto max-w-(--thread-content-max-width) flex-1 mb-[var(--thread-component-gap,1rem)]\">\n<div class=\"flex justify-center empty:hidden\"><\/div>\n<div class=\"pointer-events-auto relative z-1 flex h-(--composer-container-height,100%) max-w-full flex-(--composer-container-flex,1) flex-col\">\n<div class=\"absolute start-0 end-0 bottom-full z-20\"><\/div>\n<form class=\"group\/composer w-full\" data-type=\"unified-composer\">\n<div class=\"hidden\"><input tabindex=\"-1\" multiple=\"multiple\" type=\"file\" \/><\/div>\n<div class=\"\">\n<div class=\"bg-token-bg-primary corner-superellipse\/1.1 cursor-text overflow-clip bg-clip-padding p-2.5 contain-inline-size motion-safe:transition-colors motion-safe:duration-200 motion-safe:ease-in-out dark:bg-[#303030] grid grid-cols-[auto_1fr_auto] [grid-template-areas:'header_header_header'_'leading_primary_trailing'_'._footer_.'] group-data-expanded\/composer:[grid-template-areas:'header_header_header'_'primary_primary_primary'_'leading_footer_trailing'] shadow-short-composer\" data-composer-surface=\"true\">\n<div class=\"-my-2.5 flex min-h-14 items-center overflow-x-hidden px-1.5 [grid-area:primary] group-data-expanded\/composer:mb-0 group-data-expanded\/composer:px-2.5\">\n<div class=\"wcDTda_prosemirror-parent text-token-text-primary max-h-[max(30svh,5rem)] max-h-52 min-h-[var(--deep-research-composer-extra-height,unset)] flex-1 overflow-auto [scrollbar-width:thin] default-browser vertical-scroll-fade-mask\">\n<p><textarea class=\"wcDTda_fallbackTextarea\" name=\"prompt-textarea\" placeholder=\"Kysy mit\u00e4 tahansa\" data-virtualkeyboard=\"true\"><\/textarea><\/p>\n<div id=\"prompt-textarea\" class=\"ProseMirror\" role=\"textbox\" contenteditable=\"true\" translate=\"no\" data-virtualkeyboard=\"true\" aria-multiline=\"true\"><\/div>\n<\/div>\n<\/div>\n<div class=\"[grid-area:leading]\"><\/div>\n<div class=\"flex items-center gap-2 [grid-area:trailing]\">\n<div class=\"ms-auto flex items-center gap-1.5\">\n<p>&nbsp;<\/p>\n<div>\n<div class=\"relative\"><\/div>\n<\/div>\n<\/div>\n<\/div>\n<\/div>\n<\/div>\n<\/form>\n<\/div>\n<\/div>\n<\/div>\n<\/div>\n<\/div>\n<\/div>\n<\/div>\n<\/div>\n<\/div>\n<\/div>\n<\/div>\n<\/div>\n<\/article>\n<\/div>\n<\/div>\n<div data-v-5ec54137=\"\"><img decoding=\"async\" class=\"mr-1 grey\" title=\"Do not bleach\" src=\"https:\/\/static.gorfactory.es\/images\/icons\/20220914110315_No%20usar%20blanqueador.png\" alt=\"Do not bleach\" width=\"40\" height=\"40\" data-v-6089ed0a=\"\" data-v-636bb056=\"\" \/><img decoding=\"async\" class=\"mr-1 grey\" title=\"Iron at medium temperature (Max. 150\u00ba)\" src=\"https:\/\/static.gorfactory.es\/images\/icons\/20221110105823_Planchar-Max%20150.png\" alt=\"Iron at medium temperature (Max. 150\u00ba)\" width=\"40\" height=\"40\" data-v-6089ed0a=\"\" data-v-636bb056=\"\" \/><img decoding=\"async\" class=\"mr-1 grey\" title=\"Do not dry clean\" src=\"https:\/\/static.gorfactory.es\/images\/icons\/20220914110151_No%20lavar%20en%20seco.png\" alt=\"Do not dry clean\" width=\"40\" height=\"40\" data-v-6089ed0a=\"\" data-v-636bb056=\"\" \/><img loading=\"lazy\" decoding=\"async\" class=\"mr-1 grey\" title=\"Do not tumble dry\" src=\"https:\/\/static.gorfactory.es\/images\/icons\/20220914110302_No%20secar%20en%20secadora.png\" alt=\"Do not tumble dry\" width=\"40\" height=\"40\" data-v-6089ed0a=\"\" data-v-636bb056=\"\" \/><img loading=\"lazy\" decoding=\"async\" class=\"mr-1 grey\" title=\"40\u00ba wash max\" src=\"https:\/\/static.gorfactory.es\/images\/icons\/20221116171353_Lavar-40-max.png\" alt=\"40\u00ba wash max\" width=\"40\" height=\"40\" data-v-6089ed0a=\"\" data-v-636bb056=\"\" \/><\/div>\n<div data-v-5ec54137=\"\"><\/div>\n<div data-v-5ec54137=\"\"><strong>Mittausohjeet:<\/strong><br \/>\n<strong>Leveys: Tuotteen reunasta reunaan 2cm hihojen alapuolelta.<\/strong><br \/>\n<strong>Pituus: Olkap\u00e4\u00e4n korkeimmasta kohdasta tuotteen\u00a0alareunaan.<\/strong><\/div>\n<div data-v-5ec54137=\"\"><\/div>\n<table id=\"size_chart\" class=\"table table-responsive\" style=\"height: 265px;\" width=\"203\" cellspacing=\"0\" cellpadding=\"0\">\n<tbody>\n<tr>\n<th>Koko<\/th>\n<th><img decoding=\"async\" src=\"https:\/\/wordans-a1a5.kxcdn.com\/images\/wordans2010\/length.png\" alt=\"Length\" \/>\u00a0<label id=\"lengthLabel\">Pituus<\/label><\/th>\n<th><img decoding=\"async\" src=\"https:\/\/wordans-a1a5.kxcdn.com\/images\/wordans2010\/width.png\" alt=\"Width\" \/>\u00a0<label id=\"widthLabel\">Leveys<\/label><\/th>\n<\/tr>\n<tr>\n<td>S<\/td>\n<td>69<\/td>\n<td>50<\/td>\n<\/tr>\n<tr>\n<td>M<\/td>\n<td>71<\/td>\n<td>53<\/td>\n<\/tr>\n<tr>\n<td>L<\/td>\n<td>73<\/td>\n<td>57<\/td>\n<\/tr>\n<tr>\n<td>XL<\/td>\n<td>75<\/td>\n<td>60<\/td>\n<\/tr>\n<tr>\n<td>2XL<\/td>\n<td>77<\/td>\n<td>63<\/td>\n<\/tr>\n<tr>\n<td>3XL<\/td>\n<td>79<\/td>\n<td>66<\/td>\n<\/tr>\n<tr>\n<td>4XL<\/td>\n<td>&#8211;<\/td>\n<td>&#8211;<\/td>\n<\/tr>\n<tr>\n<td>5XL<\/td>\n<td>&#8211;<\/td>\n<td>&#8211;<\/td>\n<\/tr>\n<\/tbody>\n<\/table>\n<p>&nbsp;<\/p>\n","protected":false},"excerpt":{"rendered":"<p>Tuotenumero 500318 Pikeepaita Austral \u2013 lyhythihainen puuvillainen pikeepaita | Roly24 Austral on klassinen lyhythihainen pikeepaita, joka sopii erinomaisesti ty\u00f6vaatteeksi, yritysvaatteeksi, vapaa-aikaan sek\u00e4 tapahtumiin. Ajaton malli ja laadukas puuvillapikee tekev\u00e4t paidasta mukavan ja kest\u00e4v\u00e4n p\u00e4ivitt\u00e4iseen k\u00e4ytt\u00f6\u00f6n. Pikeepaidassa on 3-nappilista, 1\u00d71-resorikaulus sek\u00e4 vahvistetut peitetyt saumat kauluksessa, jotka lis\u00e4\u00e4v\u00e4t k\u00e4ytt\u00f6mukavuutta ja kest\u00e4vyytt\u00e4. Paita soveltuu hyvin my\u00f6s logopainatukseen tai [&hellip;]<\/p>\n","protected":false},"featured_media":14668,"template":"","meta":{"_acf_changed":false,"om_disable_all_campaigns":false,"_monsterinsights_skip_tracking":false,"_monsterinsights_sitenote_active":false,"_monsterinsights_sitenote_note":"","_monsterinsights_sitenote_category":0},"product_brand":[],"product_cat":[365,506],"product_tag":[298,609,583,367],"class_list":{"0":"post-11506","1":"product","2":"type-product","3":"status-publish","4":"has-post-thumbnail","6":"product_cat-pikeepaidat","7":"product_cat-rolypikeepaidat","8":"product_tag-painatus","9":"product_tag-paita-painatuksella","10":"product_tag-pikee","11":"product_tag-pikeepaita","12":"product_shipping_class-postipaketti","14":"first","15":"instock","16":"taxable","17":"shipping-taxable","18":"purchasable","19":"product-type-simple"},"acf":[],"aioseo_notices":[],"_links":{"self":[{"href":"https:\/\/www.roly24.com\/index.php\/wp-json\/wp\/v2\/product\/11506","targetHints":{"allow":["GET"]}}],"collection":[{"href":"https:\/\/www.roly24.com\/index.php\/wp-json\/wp\/v2\/product"}],"about":[{"href":"https:\/\/www.roly24.com\/index.php\/wp-json\/wp\/v2\/types\/product"}],"version-history":[{"count":3,"href":"https:\/\/www.roly24.com\/index.php\/wp-json\/wp\/v2\/product\/11506\/revisions"}],"predecessor-version":[{"id":21967,"href":"https:\/\/www.roly24.com\/index.php\/wp-json\/wp\/v2\/product\/11506\/revisions\/21967"}],"wp:featuredmedia":[{"embeddable":true,"href":"https:\/\/www.roly24.com\/index.php\/wp-json\/wp\/v2\/media\/14668"}],"wp:attachment":[{"href":"https:\/\/www.roly24.com\/index.php\/wp-json\/wp\/v2\/media?parent=11506"}],"wp:term":[{"taxonomy":"product_brand","embeddable":true,"href":"https:\/\/www.roly24.com\/index.php\/wp-json\/wp\/v2\/product_brand?post=11506"},{"taxonomy":"product_cat","embeddable":true,"href":"https:\/\/www.roly24.com\/index.php\/wp-json\/wp\/v2\/product_cat?post=11506"},{"taxonomy":"product_tag","embeddable":true,"href":"https:\/\/www.roly24.com\/index.php\/wp-json\/wp\/v2\/product_tag?post=11506"}],"curies":[{"name":"wp","href":"https:\/\/api.w.org\/{rel}","templated":true}]}}