{"id":11321,"date":"2024-04-26T12:03:12","date_gmt":"2024-04-26T10:03:12","guid":{"rendered":"https:\/\/www.roly24.com\/?post_type=product&#038;p=11321"},"modified":"2026-03-13T14:36:26","modified_gmt":"2026-03-13T12:36:26","slug":"t-paita-golden","status":"publish","type":"product","link":"https:\/\/www.roly24.com\/index.php\/tuote\/t-paita-golden\/","title":{"rendered":"Luomupuuvilla T-Paita Golden 160g\/m\u00b2 painettuna tai painamattomana"},"content":{"rendered":"<p><strong>Tuotenumero 300106<\/strong><\/p>\n<h2 data-start=\"0\" data-end=\"78\">T-Paita Golden Unisex \u2013 luomupuuvilla t-paita painettuna tai painamattomana<\/h2>\n<p data-start=\"80\" data-end=\"501\"><strong data-start=\"80\" data-end=\"105\">Golden Unisex t-paita<\/strong> on laadukas ja vastuullinen <strong data-start=\"134\" data-end=\"183\">unisex lyhythihainen t-paita luomupuuvillasta<\/strong>, joka sopii erinomaisesti <strong data-start=\"210\" data-end=\"299\">painatukseen, yrityspaitoihin, promootiotuotteisiin, tapahtumiin sek\u00e4 j\u00e4lleenmyyntiin<\/strong>. Tuotteet myyd\u00e4\u00e4n <strong data-start=\"318\" data-end=\"358\">sek\u00e4 painettuina ett\u00e4 painamattomina<\/strong>, joten voit tilata paidat valmiiksi painettuna logolla, tekstill\u00e4 tai designilla tai ilman painatusta omaa k\u00e4ytt\u00f6\u00e4 tai jatkopainatusta varten.<\/p>\n<p data-start=\"503\" data-end=\"865\">Paita on valmistettu <strong data-start=\"524\" data-end=\"555\">kammatusta luomupuuvillasta<\/strong>, joka tuntuu pehme\u00e4lt\u00e4 ja miellytt\u00e4v\u00e4lt\u00e4 iholla. <strong data-start=\"605\" data-end=\"637\">Py\u00f6re\u00e4 p\u00e4\u00e4ntie 1\u00d71 resorilla<\/strong> antaa klassisen ja kest\u00e4v\u00e4n viimeistelyn. Helmassa ja hihoissa olevat <strong data-start=\"708\" data-end=\"733\">koristeelliset saumat<\/strong> tuovat tyylikk\u00e4\u00e4n ilmeen. <strong data-start=\"760\" data-end=\"786\">Irrotettava ECO-merkki<\/strong> tekee tuotteesta erinomaisen vaihtoehdon my\u00f6s br\u00e4nd\u00e4ykseen ja j\u00e4lleenmyyntiin.<\/p>\n<h3 data-start=\"867\" data-end=\"883\">Ominaisuudet<\/h3>\n<p data-start=\"884\" data-end=\"1188\">Unisex lyhythihainen t-paita \u2022 Luomupuuvillaa \u2022 <strong data-start=\"932\" data-end=\"964\">Py\u00f6re\u00e4 p\u00e4\u00e4ntie 1\u00d71 resorilla<\/strong> \u2022 Koristeelliset saumat helmassa ja hihoissa \u2022 Pehme\u00e4 ja hengitt\u00e4v\u00e4 kangas \u2022 <strong data-start=\"1042\" data-end=\"1068\">Irrotettava ECO-merkki<\/strong> (sopii j\u00e4lleenmyyntiin ja omaan br\u00e4nd\u00e4ykseen) \u2022 Erinomainen painatuspinta \u2022 <strong data-start=\"1145\" data-end=\"1188\">Saatavana painettuna tai painamattomana<\/strong><\/p>\n<h3 data-start=\"1190\" data-end=\"1204\">Materiaali<\/h3>\n<p data-start=\"1205\" data-end=\"1263\"><strong data-start=\"1205\" data-end=\"1239\">100 % kammattua luomupuuvillaa<\/strong><br data-start=\"1239\" data-end=\"1242\" \/><strong data-start=\"1242\" data-end=\"1263\">Tavallinen neulos<\/strong><\/p>\n<p data-start=\"1265\" data-end=\"1312\">Paino:<br data-start=\"1271\" data-end=\"1274\" \/><strong data-start=\"1274\" data-end=\"1286\">160 g\/m\u00b2<\/strong><br data-start=\"1286\" data-end=\"1289\" \/>Valkoinen: <strong data-start=\"1300\" data-end=\"1312\">170 g\/m\u00b2<\/strong><\/p>\n<p data-start=\"1314\" data-end=\"1371\">Vigor\u00e9 harmaa:<br data-start=\"1328\" data-end=\"1331\" \/><strong data-start=\"1331\" data-end=\"1371\">85 % luomupuuvillaa \/ 15 % viskoosia<\/strong><\/p>\n<p data-start=\"1373\" data-end=\"1472\">Materiaali on hengitt\u00e4v\u00e4, pehme\u00e4 ja hyvin soveltuva <strong data-start=\"1425\" data-end=\"1471\">luomupuuvillaisten t-paitojen painatukseen<\/strong>.<\/p>\n<h3 data-start=\"1474\" data-end=\"1491\">K\u00e4ytt\u00f6kohteet<\/h3>\n<p data-start=\"1492\" data-end=\"1653\">Sopii hyvin esimerkiksi:<br data-start=\"1516\" data-end=\"1519\" \/>yrityspaitoihin \u2022 promootiotuotteisiin \u2022 tapahtumapaitoihin \u2022 vastuullisiin br\u00e4ndituotteisiin \u2022 verkkokauppamyyntiin \u2022 j\u00e4lleenmyyntiin<\/p>\n<h3 data-start=\"1655\" data-end=\"1697\">Tuotteet painettuna tai painamattomana<\/h3>\n<p data-start=\"1698\" data-end=\"1854\">Voit tilata Golden Unisex paidat <strong data-start=\"1731\" data-end=\"1749\">painamattomina<\/strong> omaa painotuotantoa varten tai <strong data-start=\"1781\" data-end=\"1806\">valmiiksi painettuina<\/strong> esimerkiksi logolla, tekstill\u00e4 tai grafiikalla.<\/p>\n<p data-start=\"1856\" data-end=\"1953\">Mahdolliset painatusmenetelm\u00e4t:<br data-start=\"1887\" data-end=\"1890\" \/><strong data-start=\"1890\" data-end=\"1953\">DTF-painatus \u2022 silkkipainatus \u2022 siirtopainatus \u2022 brodeeraus<\/strong><\/p>\n<h3 data-start=\"1955\" data-end=\"1987\">Suuret er\u00e4t ja j\u00e4lleenmyyj\u00e4t<\/h3>\n<p data-start=\"1988\" data-end=\"2211\">Toimitamme <strong data-start=\"1999\" data-end=\"2033\">suuremmat er\u00e4t tarjouspohjalta<\/strong> esimerkiksi j\u00e4lleenmyyjille, painotaloille, yrityksille, yhdistyksille ja tapahtumaj\u00e4rjest\u00e4jille. Tuotteet voidaan toimittaa <strong data-start=\"2159\" data-end=\"2193\">painettuina tai painamattomina<\/strong> tilauksen mukaan.<\/p>\n<p data-start=\"2213\" data-end=\"2253\">\ud83d\udce9 <strong data-start=\"2216\" data-end=\"2253\">Pyyd\u00e4 tarjous suuremmista erist\u00e4.<\/strong><\/p>\n<h3 data-start=\"2255\" data-end=\"2289\">FAQ \u2013 Usein kysytyt kysymykset<\/h3>\n<p data-start=\"2291\" data-end=\"2444\"><strong data-start=\"2291\" data-end=\"2342\">Voiko Golden Unisex t-paidan tilata painettuna?<\/strong><br data-start=\"2342\" data-end=\"2345\" \/>Kyll\u00e4. Paidat voidaan toimittaa <strong data-start=\"2377\" data-end=\"2443\">valmiiksi painettuina omalla logolla, tekstill\u00e4 tai designilla<\/strong>.<\/p>\n<p data-start=\"2446\" data-end=\"2557\"><strong data-start=\"2446\" data-end=\"2489\">Voiko t-paidan tilata ilman painatusta?<\/strong><br data-start=\"2489\" data-end=\"2492\" \/>Kyll\u00e4. Tuotteet myyd\u00e4\u00e4n <strong data-start=\"2516\" data-end=\"2556\">sek\u00e4 painettuina ett\u00e4 painamattomina<\/strong>.<\/p>\n<p data-start=\"2559\" data-end=\"2716\"><strong data-start=\"2559\" data-end=\"2608\">Onko Golden Unisex t-paita hyv\u00e4 painatukseen?<\/strong><br data-start=\"2608\" data-end=\"2611\" \/>Kyll\u00e4. Tasainen <strong data-start=\"2627\" data-end=\"2659\">kammattu luomupuuvillakangas<\/strong> soveltuu hyvin DTF-, silkkipaino- ja siirtopainatukseen.<\/p>\n<p data-start=\"2718\" data-end=\"2926\"><strong data-start=\"2718\" data-end=\"2750\">Mit\u00e4 materiaalia t-paita on?<\/strong><br data-start=\"2750\" data-end=\"2753\" \/>T-paita on valmistettu <strong data-start=\"2776\" data-end=\"2824\">100 % kammatusta luomupuuvillasta (160 g\/m\u00b2)<\/strong>. Valkoinen v\u00e4ri on <strong data-start=\"2844\" data-end=\"2856\">170 g\/m\u00b2<\/strong>, ja Vigor\u00e9 harmaa sis\u00e4lt\u00e4\u00e4 <strong data-start=\"2884\" data-end=\"2925\">85 % luomupuuvillaa ja 15 % viskoosia<\/strong>.<\/p>\n<p data-start=\"2928\" data-end=\"3070\"><strong data-start=\"2928\" data-end=\"2962\">Sopiiko paita j\u00e4lleenmyyntiin?<\/strong><br data-start=\"2962\" data-end=\"2965\" \/>Kyll\u00e4. <strong data-start=\"2972\" data-end=\"2998\">Irrotettava ECO-merkki<\/strong> tekee tuotteesta sopivan my\u00f6s j\u00e4lleenmyyntiin ja oman br\u00e4ndin k\u00e4ytt\u00f6\u00f6n.<\/p>\n<p data-start=\"3072\" data-end=\"3217\"><strong data-start=\"3072\" data-end=\"3117\">Saako suuremmista tilauksista tarjouksen?<\/strong><br data-start=\"3117\" data-end=\"3120\" \/>Kyll\u00e4. <strong data-start=\"3127\" data-end=\"3180\">Suuremmat tilaukset hinnoitellaan tarjouspohjalta<\/strong> j\u00e4lleenmyyjille ja alan toimijoille.<\/p>\n<div class=\"ml-auto d-flex align-items-center\" data-v-5ec54137=\"\">\n<div data-v-5ec54137=\"\"><img decoding=\"async\" class=\"alignnone size-medium wp-image-12132\" src=\"https:\/\/www.roly24.com\/wp-content\/uploads\/2024\/04\/golden-t-paita-300x50.jpg\" alt=\"\" width=\"300\" height=\"50\" srcset=\"https:\/\/www.roly24.com\/wp-content\/uploads\/2024\/04\/golden-t-paita-300x50.jpg 300w, https:\/\/www.roly24.com\/wp-content\/uploads\/2024\/04\/golden-t-paita-600x100.jpg 600w, https:\/\/www.roly24.com\/wp-content\/uploads\/2024\/04\/golden-t-paita.jpg 626w\" sizes=\"(max-width: 300px) 100vw, 300px\" \/><\/div>\n<\/div>\n<p><strong>Mittausohjeet:<\/strong><br \/>\n<strong>Leveys: Tuotteen reunasta reunaan 2cm hihojen alapuolelta.<\/strong><br \/>\n<strong>Pituus: Olkap\u00e4\u00e4n korkeimmasta kohdasta tuotteen\u00a0alareunaan.<\/strong><\/p>\n<table id=\"size_chart\" class=\"table table-responsive\" style=\"height: 265px;\" width=\"203\" cellspacing=\"0\" cellpadding=\"0\">\n<tbody>\n<tr>\n<th>Koko<\/th>\n<th><img decoding=\"async\" src=\"https:\/\/wordans-a1a5.kxcdn.com\/images\/wordans2010\/length.png\" alt=\"Length\" \/>\u00a0<label id=\"lengthLabel\">Pituus<\/label><\/th>\n<th><img decoding=\"async\" src=\"https:\/\/wordans-a1a5.kxcdn.com\/images\/wordans2010\/width.png\" alt=\"Width\" \/>\u00a0<label id=\"widthLabel\">Leveys<\/label><\/th>\n<\/tr>\n<tr>\n<td>S<\/td>\n<td>69<\/td>\n<td>49<\/td>\n<\/tr>\n<tr>\n<td>M<\/td>\n<td>71<\/td>\n<td>52<\/td>\n<\/tr>\n<tr>\n<td>L<\/td>\n<td>73<\/td>\n<td>55<\/td>\n<\/tr>\n<tr>\n<td>XL<\/td>\n<td>75<\/td>\n<td>58<\/td>\n<\/tr>\n<tr>\n<td>2XL<\/td>\n<td>77<\/td>\n<td>62<\/td>\n<\/tr>\n<tr>\n<td>3XL<\/td>\n<td>79<\/td>\n<td>66<\/td>\n<\/tr>\n<tr>\n<td>4XL<\/td>\n<td>&#8211;<\/td>\n<td>&#8211;<\/td>\n<\/tr>\n<tr>\n<td>5XL<\/td>\n<td>&#8211;<\/td>\n<td>&#8211;<\/td>\n<\/tr>\n<\/tbody>\n<\/table>\n<p>&nbsp;<\/p>\n","protected":false},"excerpt":{"rendered":"<p>Tuotenumero 300106 T-Paita Golden Unisex \u2013 luomupuuvilla t-paita painettuna tai painamattomana Golden Unisex t-paita on laadukas ja vastuullinen unisex lyhythihainen t-paita luomupuuvillasta, joka sopii erinomaisesti painatukseen, yrityspaitoihin, promootiotuotteisiin, tapahtumiin sek\u00e4 j\u00e4lleenmyyntiin. Tuotteet myyd\u00e4\u00e4n sek\u00e4 painettuina ett\u00e4 painamattomina, joten voit tilata paidat valmiiksi painettuna logolla, tekstill\u00e4 tai designilla tai ilman painatusta omaa k\u00e4ytt\u00f6\u00e4 tai jatkopainatusta varten. [&hellip;]<\/p>\n","protected":false},"featured_media":14665,"template":"","meta":{"_acf_changed":false,"om_disable_all_campaigns":false,"_monsterinsights_skip_tracking":false,"_monsterinsights_sitenote_active":false,"_monsterinsights_sitenote_note":"","_monsterinsights_sitenote_category":0},"product_brand":[],"product_cat":[505,351],"product_tag":[298,609,425],"class_list":{"0":"post-11321","1":"product","2":"type-product","3":"status-publish","4":"has-post-thumbnail","6":"product_cat-rolytpaidat","7":"product_cat-tpaidat","8":"product_tag-painatus","9":"product_tag-paita-painatuksella","10":"product_tag-t-paita","11":"product_shipping_class-postipaketti","13":"first","14":"instock","15":"taxable","16":"shipping-taxable","17":"purchasable","18":"product-type-simple"},"acf":[],"aioseo_notices":[],"_links":{"self":[{"href":"https:\/\/www.roly24.com\/index.php\/wp-json\/wp\/v2\/product\/11321","targetHints":{"allow":["GET"]}}],"collection":[{"href":"https:\/\/www.roly24.com\/index.php\/wp-json\/wp\/v2\/product"}],"about":[{"href":"https:\/\/www.roly24.com\/index.php\/wp-json\/wp\/v2\/types\/product"}],"version-history":[{"count":4,"href":"https:\/\/www.roly24.com\/index.php\/wp-json\/wp\/v2\/product\/11321\/revisions"}],"predecessor-version":[{"id":21880,"href":"https:\/\/www.roly24.com\/index.php\/wp-json\/wp\/v2\/product\/11321\/revisions\/21880"}],"wp:featuredmedia":[{"embeddable":true,"href":"https:\/\/www.roly24.com\/index.php\/wp-json\/wp\/v2\/media\/14665"}],"wp:attachment":[{"href":"https:\/\/www.roly24.com\/index.php\/wp-json\/wp\/v2\/media?parent=11321"}],"wp:term":[{"taxonomy":"product_brand","embeddable":true,"href":"https:\/\/www.roly24.com\/index.php\/wp-json\/wp\/v2\/product_brand?post=11321"},{"taxonomy":"product_cat","embeddable":true,"href":"https:\/\/www.roly24.com\/index.php\/wp-json\/wp\/v2\/product_cat?post=11321"},{"taxonomy":"product_tag","embeddable":true,"href":"https:\/\/www.roly24.com\/index.php\/wp-json\/wp\/v2\/product_tag?post=11321"}],"curies":[{"name":"wp","href":"https:\/\/api.w.org\/{rel}","templated":true}]}}